95.46.141.39 - admin [11/Jun/2024:10:24:13 -0400] "GET /wp-content/plugins/duplicator/assets/img/cpanel-48.png HTTP/2.0" 200 1233 "https://waykay.goodface.com.ua/wp-admin/admin.php?inner_page=new1&_wpnonce=0547a26044&page=duplicator&tab=new1" "Mozilla/5.0 (Windows NT 10.0; Win64; x64) AppleWebKit/537.36 (KHTML, like Gecko) Chrome/125.0.0.0 Safari/537.36"
95.46.141.39 - admin [11/Jun/2024:10:24:13 -0400] "GET /wp-content/plugins/duplicator/assets/css/font-awesome/webfonts/fa-brands-400.woff2 HTTP/2.0" 200 109808 "https://waykay.goodface.com.ua/wp-content/plugins/duplicator/assets/css/font-awesome/css/all.min.css?ver=6.4.2" "Mozilla/5.0 (Windows NT 10.0; Win64; x64) AppleWebKit/537.36 (KHTML, like Gecko) Chrome/125.0.0.0 Safari/537.36"
95.46.141.39 - - [11/Jun/2024:10:24:14 -0400] "GET /wp-content/uploads/fbrfg/site.webmanifest HTTP/2.0" 401 503 "https://waykay.goodface.com.ua/wp-admin/admin.php?inner_page=new1&_wpnonce=0547a26044&page=duplicator&tab=new1" "Mozilla/5.0 (Windows NT 10.0; Win64; x64) AppleWebKit/537.36 (KHTML, like Gecko) Chrome/125.0.0.0 Safari/537.36"
95.46.141.39 - admin [11/Jun/2024:10:24:22 -0400] "POST /wp-admin/admin.php?page=duplicator&tab=new2&retry=0&_wpnonce=e54c84a05a HTTP/2.0" 200 36178 "https://waykay.goodface.com.ua/wp-admin/admin.php?inner_page=new1&_wpnonce=0547a26044&page=duplicator&tab=new1" "Mozilla/5.0 (Windows NT 10.0; Win64; x64) AppleWebKit/537.36 (KHTML, like Gecko) Chrome/125.0.0.0 Safari/537.36"
95.46.141.39 - admin [11/Jun/2024:10:24:23 -0400] "GET /wp-content/plugins/duplicator/assets/js/handlebars.min.js?ver=4.0.10 HTTP/2.0" 200 22478 "https://waykay.goodface.com.ua/wp-admin/admin.php?page=duplicator&tab=new2&retry=0&_wpnonce=e54c84a05a" "Mozilla/5.0 (Windows NT 10.0; Win64; x64) AppleWebKit/537.36 (KHTML, like Gecko) Chrome/125.0.0.0 Safari/537.36"
95.46.141.39 - admin [11/Jun/2024:10:24:23 -0400] "GET /wp-content/plugins/duplicator/assets/css/images/ui-bg_flat_75_ffffff_40x100.png HTTP/2.0" 200 178 "https://waykay.goodface.com.ua/wp-content/plugins/duplicator/assets/css/jquery-ui.css?ver=1.11.2" "Mozilla/5.0 (Windows NT 10.0; Win64; x64) AppleWebKit/537.36 (KHTML, like Gecko) Chrome/125.0.0.0 Safari/537.36"
95.46.141.39 - admin [11/Jun/2024:10:24:23 -0400] "GET /wp-content/plugins/duplicator/assets/css/images/ui-bg_highlight-soft_75_cccccc_1x100.png HTTP/2.0" 200 101 "https://waykay.goodface.com.ua/wp-content/plugins/duplicator/assets/css/jquery-ui.css?ver=1.11.2" "Mozilla/5.0 (Windows NT 10.0; Win64; x64) AppleWebKit/537.36 (KHTML, like Gecko) Chrome/125.0.0.0 Safari/537.36"
95.46.141.39 - - [11/Jun/2024:10:24:23 -0400] "GET /wp-content/uploads/fbrfg/site.webmanifest HTTP/2.0" 401 503 "https://waykay.goodface.com.ua/wp-admin/admin.php?page=duplicator&tab=new2&retry=0&_wpnonce=e54c84a05a" "Mozilla/5.0 (Windows NT 10.0; Win64; x64) AppleWebKit/537.36 (KHTML, like Gecko) Chrome/125.0.0.0 Safari/537.36"
185.156.42.209 - - [11/Jun/2024:10:24:24 -0400] "POST /wp-admin/admin-ajax.php?action=as_async_request_queue_runner&nonce=d728627fba HTTP/1.1" 401 503 "-" "WordPress/6.5.4; https://waykay.goodface.com.ua"
95.46.141.39 - admin [11/Jun/2024:10:24:29 -0400] "POST /wp-admin/admin-ajax.php HTTP/2.0" 200 1238092 "https://waykay.goodface.com.ua/wp-admin/admin.php?page=duplicator&tab=new2&retry=0&_wpnonce=e54c84a05a" "Mozilla/5.0 (Windows NT 10.0; Win64; x64) AppleWebKit/537.36 (KHTML, like Gecko) Chrome/125.0.0.0 Safari/537.36"
95.46.141.39 - admin [11/Jun/2024:10:24:33 -0400] "POST /wp-admin/admin.php?page=duplicator&tab=new3&_wpnonce=45f5202e9a HTTP/2.0" 200 30640 "https://waykay.goodface.com.ua/wp-admin/admin.php?page=duplicator&tab=new2&retry=0&_wpnonce=e54c84a05a" "Mozilla/5.0 (Windows NT 10.0; Win64; x64) AppleWebKit/537.36 (KHTML, like Gecko) Chrome/125.0.0.0 Safari/537.36"
95.46.141.39 - admin [11/Jun/2024:10:24:33 -0400] "GET /wp-content/plugins/tidio-live-chat/css/top-bar.css?ver=6.5.4 HTTP/2.0" 304 0 "https://waykay.goodface.com.ua/wp-admin/admin.php?page=duplicator&tab=new3&_wpnonce=45f5202e9a" "Mozilla/5.0 (Windows NT 10.0; Win64; x64) AppleWebKit/537.36 (KHTML, like Gecko) Chrome/125.0.0.0 Safari/537.36"
95.46.141.39 - - [11/Jun/2024:10:24:33 -0400] "GET /wp-content/uploads/fbrfg/site.webmanifest HTTP/2.0" 401 503 "https://waykay.goodface.com.ua/wp-admin/admin.php?page=duplicator&tab=new3&_wpnonce=45f5202e9a" "Mozilla/5.0 (Windows NT 10.0; Win64; x64) AppleWebKit/537.36 (KHTML, like Gecko) Chrome/125.0.0.0 Safari/537.36"
95.46.141.39 - admin [11/Jun/2024:10:24:42 -0400] "POST /wp-admin/admin-ajax.php HTTP/2.0" 200 100 "https://waykay.goodface.com.ua/wp-admin/admin.php?page=duplicator&tab=new3&_wpnonce=45f5202e9a" "Mozilla/5.0 (Windows NT 10.0; Win64; x64) AppleWebKit/537.36 (KHTML, like Gecko) Chrome/125.0.0.0 Safari/537.36"
95.46.141.39 - admin [11/Jun/2024:10:24:50 -0400] "POST /wp-admin/admin-ajax.php HTTP/2.0" 200 99 "https://waykay.goodface.com.ua/wp-admin/admin.php?page=duplicator&tab=new3&_wpnonce=45f5202e9a" "Mozilla/5.0 (Windows NT 10.0; Win64; x64) AppleWebKit/537.36 (KHTML, like Gecko) Chrome/125.0.0.0 Safari/537.36"
95.46.141.39 - admin [11/Jun/2024:10:24:56 -0400] "POST /wp-admin/admin-ajax.php HTTP/2.0" 200 1532 "https://waykay.goodface.com.ua/wp-admin/admin.php?page=duplicator&tab=new3&_wpnonce=45f5202e9a" "Mozilla/5.0 (Windows NT 10.0; Win64; x64) AppleWebKit/537.36 (KHTML, like Gecko) Chrome/125.0.0.0 Safari/537.36"
95.46.141.39 - admin [11/Jun/2024:10:25:00 -0400] "GET /wp-admin/admin-ajax.php?action=duplicator_download_installer&id=13&hash=9d3444103e2819c75172_20240611142422&nonce=39bee7f6b9 HTTP/2.0" 200 75228 "https://waykay.goodface.com.ua/wp-admin/admin.php?page=duplicator&tab=new3&_wpnonce=45f5202e9a" "Mozilla/5.0 (Windows NT 10.0; Win64; x64) AppleWebKit/537.36 (KHTML, like Gecko) Chrome/125.0.0.0 Safari/537.36"
185.156.42.209 - - [11/Jun/2024:10:25:25 -0400] "POST /wp-cron.php?doing_wp_cron=1718115925.0863931179046630859375 HTTP/1.1" 401 503 "-" "WordPress/6.5.4; https://waykay.goodface.com.ua"
185.156.42.209 - - [11/Jun/2024:10:25:25 -0400] "POST /wp-admin/admin-ajax.php?action=as_async_request_queue_runner&nonce=d728627fba HTTP/1.1" 401 503 "-" "WordPress/6.5.4; https://waykay.goodface.com.ua"
95.46.141.39 - admin [11/Jun/2024:10:25:25 -0400] "GET /wp-admin/admin.php?page=duplicator HTTP/2.0" 200 26578 "https://waykay.goodface.com.ua/wp-admin/admin.php?page=duplicator&tab=new3&_wpnonce=45f5202e9a" "Mozilla/5.0 (Windows NT 10.0; Win64; x64) AppleWebKit/537.36 (KHTML, like Gecko) Chrome/125.0.0.0 Safari/537.36"
95.46.141.39 - admin [11/Jun/2024:10:25:25 -0400] "GET /wp-content/plugins/tidio-live-chat/css/top-bar.css?ver=6.5.4 HTTP/2.0" 304 0 "https://waykay.goodface.com.ua/wp-admin/admin.php?page=duplicator" "Mozilla/5.0 (Windows NT 10.0; Win64; x64) AppleWebKit/537.36 (KHTML, like Gecko) Chrome/125.0.0.0 Safari/537.36"
95.46.141.39 - - [11/Jun/2024:10:25:26 -0400] "GET /wp-content/uploads/fbrfg/site.webmanifest HTTP/2.0" 401 503 "https://waykay.goodface.com.ua/wp-admin/admin.php?page=duplicator" "Mozilla/5.0 (Windows NT 10.0; Win64; x64) AppleWebKit/537.36 (KHTML, like Gecko) Chrome/125.0.0.0 Safari/537.36"
185.156.42.209 - - [11/Jun/2024:10:26:27 -0400] "POST /wp-cron.php?doing_wp_cron=1718115987.0983378887176513671875 HTTP/1.1" 401 503 "-" "WordPress/6.5.4; https://waykay.goodface.com.ua"
185.156.42.209 - - [11/Jun/2024:10:26:27 -0400] "POST /wp-admin/admin-ajax.php?action=as_async_request_queue_runner&nonce=d728627fba HTTP/1.1" 401 503 "-" "WordPress/6.5.4; https://waykay.goodface.com.ua"
95.46.141.39 - admin [11/Jun/2024:10:26:27 -0400] "POST /wp-admin/admin-ajax.php HTTP/2.0" 200 51 "https://waykay.goodface.com.ua/wp-admin/admin.php?page=duplicator" "Mozilla/5.0 (Windows NT 10.0; Win64; x64) AppleWebKit/537.36 (KHTML, like Gecko) Chrome/125.0.0.0 Safari/537.36"
185.156.42.209 - - [11/Jun/2024:10:27:31 -0400] "POST /wp-cron.php?doing_wp_cron=1718116051.7417581081390380859375 HTTP/1.1" 401 503 "-" "WordPress/6.5.4; https://waykay.goodface.com.ua"
185.156.42.209 - - [11/Jun/2024:10:27:31 -0400] "POST /wp-admin/admin-ajax.php?action=as_async_request_queue_runner&nonce=d728627fba HTTP/1.1" 401 503 "-" "WordPress/6.5.4; https://waykay.goodface.com.ua"
95.46.141.39 - admin [11/Jun/2024:10:27:32 -0400] "POST /wp-admin/admin-ajax.php HTTP/2.0" 200 51 "https://waykay.goodface.com.ua/wp-admin/admin.php?page=duplicator" "Mozilla/5.0 (Windows NT 10.0; Win64; x64) AppleWebKit/537.36 (KHTML, like Gecko) Chrome/125.0.0.0 Safari/537.36"
185.156.42.209 - - [11/Jun/2024:10:28:32 -0400] "POST /wp-cron.php?doing_wp_cron=1718116112.5807640552520751953125 HTTP/1.1" 401 503 "-" "WordPress/6.5.4; https://waykay.goodface.com.ua"
185.156.42.209 - - [11/Jun/2024:10:28:32 -0400] "POST /wp-admin/admin-ajax.php?action=as_async_request_queue_runner&nonce=d728627fba HTTP/1.1" 401 503 "-" "WordPress/6.5.4; https://waykay.goodface.com.ua"
95.46.141.39 - admin [11/Jun/2024:10:28:32 -0400] "POST /wp-admin/admin-ajax.php HTTP/2.0" 200 51 "https://waykay.goodface.com.ua/wp-admin/admin.php?page=duplicator" "Mozilla/5.0 (Windows NT 10.0; Win64; x64) AppleWebKit/537.36 (KHTML, like Gecko) Chrome/125.0.0.0 Safari/537.36"
95.46.141.39 - admin [11/Jun/2024:10:29:52 -0400] "GET /wp-content/backups-dup-lite/waykay_rc_9d3444103e2819c75172_20240611142422_archive.zip HTTP/2.0" 200 31203131 "https://waykay.goodface.com.ua/wp-admin/admin.php?page=duplicator&tab=new3&_wpnonce=45f5202e9a" "Mozilla/5.0 (Windows NT 10.0; Win64; x64) AppleWebKit/537.36 (KHTML, like Gecko) Chrome/125.0.0.0 Safari/537.36"
185.156.42.209 - - [11/Jun/2024:10:30:33 -0400] "POST /wp-cron.php?doing_wp_cron=1718116233.5197269916534423828125 HTTP/1.1" 401 503 "-" "WordPress/6.5.4; https://waykay.goodface.com.ua"
185.156.42.209 - - [11/Jun/2024:10:30:33 -0400] "POST /wp-admin/admin-ajax.php?action=as_async_request_queue_runner&nonce=d728627fba HTTP/1.1" 401 503 "-" "WordPress/6.5.4; https://waykay.goodface.com.ua"
95.46.141.39 - admin [11/Jun/2024:10:30:33 -0400] "POST /wp-admin/admin-ajax.php HTTP/2.0" 200 51 "https://waykay.goodface.com.ua/wp-admin/admin.php?page=duplicator" "Mozilla/5.0 (Windows NT 10.0; Win64; x64) AppleWebKit/537.36 (KHTML, like Gecko) Chrome/125.0.0.0 Safari/537.36"
95.46.141.39 - admin [11/Jun/2024:10:31:33 -0400] "GET /wp-content/backups-dup-lite/waykay_rc_9d3444103e2819c75172_20240611142422_archive.zip HTTP/2.0" 200 10968891 "https://waykay.goodface.com.ua/wp-admin/admin.php?page=duplicator&tab=new3&_wpnonce=45f5202e9a" "Mozilla/5.0 (Windows NT 10.0; Win64; x64) AppleWebKit/537.36 (KHTML, like Gecko) Chrome/125.0.0.0 Safari/537.36"
185.156.42.209 - - [11/Jun/2024:10:32:34 -0400] "POST /wp-cron.php?doing_wp_cron=1718116354.4983360767364501953125 HTTP/1.1" 401 503 "-" "WordPress/6.5.4; https://waykay.goodface.com.ua"
185.156.42.209 - - [11/Jun/2024:10:32:34 -0400] "POST /wp-admin/admin-ajax.php?action=as_async_request_queue_runner&nonce=d728627fba HTTP/1.1" 401 503 "-" "WordPress/6.5.4; https://waykay.goodface.com.ua"
95.46.141.39 - admin [11/Jun/2024:10:32:34 -0400] "POST /wp-admin/admin-ajax.php HTTP/2.0" 200 51 "https://waykay.goodface.com.ua/wp-admin/admin.php?page=duplicator" "Mozilla/5.0 (Windows NT 10.0; Win64; x64) AppleWebKit/537.36 (KHTML, like Gecko) Chrome/125.0.0.0 Safari/537.36"
185.156.42.209 - - [11/Jun/2024:10:34:35 -0400] "POST /wp-cron.php?doing_wp_cron=1718116475.5685338973999023437500 HTTP/1.1" 401 503 "-" "WordPress/6.5.4; https://waykay.goodface.com.ua"
185.156.42.209 - - [11/Jun/2024:10:34:35 -0400] "POST /wp-admin/admin-ajax.php?action=as_async_request_queue_runner&nonce=d728627fba HTTP/1.1" 401 503 "-" "WordPress/6.5.4; https://waykay.goodface.com.ua"
46.211.241.254 - admin [11/Jun/2024:10:34:35 -0400] "POST /wp-admin/admin-ajax.php HTTP/2.0" 200 51 "https://waykay.goodface.com.ua/wp-admin/admin.php?page=duplicator" "Mozilla/5.0 (Windows NT 10.0; Win64; x64) AppleWebKit/537.36 (KHTML, like Gecko) Chrome/125.0.0.0 Safari/537.36"
46.211.241.254 - admin [11/Jun/2024:10:35:31 -0400] "GET /wp-content/backups-dup-lite/waykay_rc_9d3444103e2819c75172_20240611142422_archive.zip HTTP/2.0" 206 68771005 "https://waykay.goodface.com.ua/wp-admin/admin.php?page=duplicator&tab=new3&_wpnonce=45f5202e9a" "Mozilla/5.0 (Windows NT 10.0; Win64; x64) AppleWebKit/537.36 (KHTML, like Gecko) Chrome/125.0.0.0 Safari/537.36"
185.156.42.209 - - [11/Jun/2024:10:36:36 -0400] "POST /wp-cron.php?doing_wp_cron=1718116596.6175889968872070312500 HTTP/1.1" 401 503 "-" "WordPress/6.5.4; https://waykay.goodface.com.ua"
185.156.42.209 - - [11/Jun/2024:10:36:36 -0400] "POST /wp-admin/admin-ajax.php?action=as_async_request_queue_runner&nonce=d728627fba HTTP/1.1" 401 503 "-" "WordPress/6.5.4; https://waykay.goodface.com.ua"
46.211.241.254 - admin [11/Jun/2024:10:36:36 -0400] "POST /wp-admin/admin-ajax.php HTTP/2.0" 200 51 "https://waykay.goodface.com.ua/wp-admin/admin.php?page=duplicator" "Mozilla/5.0 (Windows NT 10.0; Win64; x64) AppleWebKit/537.36 (KHTML, like Gecko) Chrome/125.0.0.0 Safari/537.36"
185.156.42.209 - - [11/Jun/2024:10:42:47 -0400] "POST /wp-cron.php?doing_wp_cron=1718116967.8251450061798095703125 HTTP/1.1" 401 503 "-" "WordPress/6.5.4; https://waykay.goodface.com.ua"
46.211.241.254 - admin [11/Jun/2024:10:42:47 -0400] "GET / HTTP/2.0" 200 5392 "-" "Mozilla/5.0 (Windows NT 10.0; Win64; x64) AppleWebKit/537.36 (KHTML, like Gecko) Chrome/125.0.0.0 Safari/537.36"
46.211.241.254 - admin [11/Jun/2024:10:42:48 -0400] "GET /wp-content/themes/waykay/assets/css/styles.css?ver=1.0.0 HTTP/2.0" 304 0 "https://waykay.goodface.com.ua/" "Mozilla/5.0 (Windows NT 10.0; Win64; x64) AppleWebKit/537.36 (KHTML, like Gecko) Chrome/125.0.0.0 Safari/537.36"
46.211.241.254 - admin [11/Jun/2024:10:42:48 -0400] "GET /wp-content/uploads/2024/06/logo-1.svg HTTP/2.0" 304 0 "https://waykay.goodface.com.ua/" "Mozilla/5.0 (Windows NT 10.0; Win64; x64) AppleWebKit/537.36 (KHTML, like Gecko) Chrome/125.0.0.0 Safari/537.36"
46.211.241.254 - - [11/Jun/2024:10:42:48 -0400] "GET /wp-content/uploads/fbrfg/site.webmanifest HTTP/2.0" 401 503 "https://waykay.goodface.com.ua/" "Mozilla/5.0 (Windows NT 10.0; Win64; x64) AppleWebKit/537.36 (KHTML, like Gecko) Chrome/125.0.0.0 Safari/537.36"
46.211.241.254 - admin [11/Jun/2024:10:42:49 -0400] "GET /wp-json/contact-form-7/v1/contact-forms/388/feedback/schema HTTP/2.0" 200 204 "https://waykay.goodface.com.ua/" "Mozilla/5.0 (Windows NT 10.0; Win64; x64) AppleWebKit/537.36 (KHTML, like Gecko) Chrome/125.0.0.0 Safari/537.36"
46.211.241.254 - admin [11/Jun/2024:10:43:13 -0400] "GET / HTTP/2.0" 200 5392 "-" "Mozilla/5.0 (Windows NT 10.0; Win64; x64) AppleWebKit/537.36 (KHTML, like Gecko) Chrome/125.0.0.0 Safari/537.36"
46.211.241.254 - - [11/Jun/2024:10:43:14 -0400] "GET /wp-content/uploads/fbrfg/site.webmanifest HTTP/2.0" 401 503 "https://waykay.goodface.com.ua/" "Mozilla/5.0 (Windows NT 10.0; Win64; x64) AppleWebKit/537.36 (KHTML, like Gecko) Chrome/125.0.0.0 Safari/537.36"
46.211.241.254 - admin [11/Jun/2024:10:43:14 -0400] "GET /wp-json/contact-form-7/v1/contact-forms/388/feedback/schema HTTP/2.0" 200 204 "https://waykay.goodface.com.ua/" "Mozilla/5.0 (Windows NT 10.0; Win64; x64) AppleWebKit/537.36 (KHTML, like Gecko) Chrome/125.0.0.0 Safari/537.36"
46.211.241.254 - admin [11/Jun/2024:10:43:18 -0400] "GET / HTTP/2.0" 200 5392 "-" "Mozilla/5.0 (Windows NT 10.0; Win64; x64) AppleWebKit/537.36 (KHTML, like Gecko) Chrome/125.0.0.0 Safari/537.36"
46.211.241.254 - admin [11/Jun/2024:10:43:18 -0400] "GET /wp-content/themes/waykay/assets/css/styles.css?ver=1.0.0 HTTP/2.0" 200 1424 "https://waykay.goodface.com.ua/" "Mozilla/5.0 (Windows NT 10.0; Win64; x64) AppleWebKit/537.36 (KHTML, like Gecko) Chrome/125.0.0.0 Safari/537.36"
46.211.241.254 - admin [11/Jun/2024:10:43:18 -0400] "GET /wp-content/uploads/2024/06/logo-1.svg HTTP/2.0" 200 2063 "https://waykay.goodface.com.ua/" "Mozilla/5.0 (Windows NT 10.0; Win64; x64) AppleWebKit/537.36 (KHTML, like Gecko) Chrome/125.0.0.0 Safari/537.36"
46.211.241.254 - admin [11/Jun/2024:10:43:18 -0400] "GET /wp-content/themes/waykay/assets/css/adaptive.css?ver=1.0.0 HTTP/2.0" 200 840 "https://waykay.goodface.com.ua/" "Mozilla/5.0 (Windows NT 10.0; Win64; x64) AppleWebKit/537.36 (KHTML, like Gecko) Chrome/125.0.0.0 Safari/537.36"
46.211.241.254 - admin [11/Jun/2024:10:43:18 -0400] "GET /wp-content/themes/waykay/assets/css/form-elements.css HTTP/2.0" 200 1285 "https://waykay.goodface.com.ua/wp-content/themes/waykay/assets/css/styles.css?ver=1.0.0" "Mozilla/5.0 (Windows NT 10.0; Win64; x64) AppleWebKit/537.36 (KHTML, like Gecko) Chrome/125.0.0.0 Safari/537.36"
46.211.241.254 - admin [11/Jun/2024:10:43:18 -0400] "GET /wp-content/themes/waykay/assets/css/ui-kit.css HTTP/2.0" 200 2272 "https://waykay.goodface.com.ua/wp-content/themes/waykay/assets/css/styles.css?ver=1.0.0" "Mozilla/5.0 (Windows NT 10.0; Win64; x64) AppleWebKit/537.36 (KHTML, like Gecko) Chrome/125.0.0.0 Safari/537.36"
46.211.241.254 - admin [11/Jun/2024:10:43:18 -0400] "GET /wp-content/themes/waykay/assets/css/ui-blocks.css HTTP/2.0" 200 872 "https://waykay.goodface.com.ua/wp-content/themes/waykay/assets/css/styles.css?ver=1.0.0" "Mozilla/5.0 (Windows NT 10.0; Win64; x64) AppleWebKit/537.36 (KHTML, like Gecko) Chrome/125.0.0.0 Safari/537.36"
46.211.241.254 - admin [11/Jun/2024:10:43:18 -0400] "GET /wp-content/themes/waykay/assets/css/hovers.css HTTP/2.0" 200 237 "https://waykay.goodface.com.ua/wp-content/themes/waykay/assets/css/styles.css?ver=1.0.0" "Mozilla/5.0 (Windows NT 10.0; Win64; x64) AppleWebKit/537.36 (KHTML, like Gecko) Chrome/125.0.0.0 Safari/537.36"
46.211.241.254 - admin [11/Jun/2024:10:43:19 -0400] "GET /wp-content/themes/waykay/assets/fonts/rethinksans-medium.woff2 HTTP/2.0" 200 25856 "https://waykay.goodface.com.ua/wp-content/themes/waykay/assets/css/ui-kit.css" "Mozilla/5.0 (Windows NT 10.0; Win64; x64) AppleWebKit/537.36 (KHTML, like Gecko) Chrome/125.0.0.0 Safari/537.36"
46.211.241.254 - admin [11/Jun/2024:10:43:19 -0400] "GET /wp-content/themes/waykay/assets/fonts/rethinksans-semibold.woff2 HTTP/2.0" 200 25756 "https://waykay.goodface.com.ua/wp-content/themes/waykay/assets/css/ui-kit.css" "Mozilla/5.0 (Windows NT 10.0; Win64; x64) AppleWebKit/537.36 (KHTML, like Gecko) Chrome/125.0.0.0 Safari/537.36"
46.211.241.254 - admin [11/Jun/2024:10:43:19 -0400] "GET /wp-content/themes/waykay/assets/fonts/rethinksans-bold.woff2 HTTP/2.0" 200 25292 "https://waykay.goodface.com.ua/wp-content/themes/waykay/assets/css/ui-kit.css" "Mozilla/5.0 (Windows NT 10.0; Win64; x64) AppleWebKit/537.36 (KHTML, like Gecko) Chrome/125.0.0.0 Safari/537.36"
46.211.241.254 - admin [11/Jun/2024:10:43:19 -0400] "GET /wp-content/themes/waykay/assets/fonts/rethinksans-regular.woff2 HTTP/2.0" 200 25108 "https://waykay.goodface.com.ua/wp-content/themes/waykay/assets/css/ui-kit.css" "Mozilla/5.0 (Windows NT 10.0; Win64; x64) AppleWebKit/537.36 (KHTML, like Gecko) Chrome/125.0.0.0 Safari/537.36"
46.211.241.254 - admin [11/Jun/2024:10:43:20 -0400] "GET /wp-content/themes/waykay/assets/images/gradients/hero-gradient.webp HTTP/2.0" 200 671312 "https://waykay.goodface.com.ua/" "Mozilla/5.0 (Windows NT 10.0; Win64; x64) AppleWebKit/537.36 (KHTML, like Gecko) Chrome/125.0.0.0 Safari/537.36"
46.211.241.254 - admin [11/Jun/2024:10:43:21 -0400] "GET /wp-content/uploads/2024/06/main.png HTTP/2.0" 200 120400 "https://waykay.goodface.com.ua/" "Mozilla/5.0 (Windows NT 10.0; Win64; x64) AppleWebKit/537.36 (KHTML, like Gecko) Chrome/125.0.0.0 Safari/537.36"
46.211.241.254 - admin [11/Jun/2024:10:43:21 -0400] "GET /wp-content/themes/waykay/assets/images/hero/text-card-2.png HTTP/2.0" 200 2565 "https://waykay.goodface.com.ua/" "Mozilla/5.0 (Windows NT 10.0; Win64; x64) AppleWebKit/537.36 (KHTML, like Gecko) Chrome/125.0.0.0 Safari/537.36"
46.211.241.254 - admin [11/Jun/2024:10:43:21 -0400] "GET /wp-content/themes/waykay/assets/images/hero/toy.png HTTP/2.0" 200 1624 "https://waykay.goodface.com.ua/" "Mozilla/5.0 (Windows NT 10.0; Win64; x64) AppleWebKit/537.36 (KHTML, like Gecko) Chrome/125.0.0.0 Safari/537.36"
46.211.241.254 - admin [11/Jun/2024:10:43:21 -0400] "GET /wp-content/plugins/contact-form-7/includes/swv/js/index.js?ver=5.9.5 HTTP/2.0" 200 3229 "https://waykay.goodface.com.ua/" "Mozilla/5.0 (Windows NT 10.0; Win64; x64) AppleWebKit/537.36 (KHTML, like Gecko) Chrome/125.0.0.0 Safari/537.36"
46.211.241.254 - admin [11/Jun/2024:10:43:21 -0400] "GET /wp-content/plugins/contact-form-7/includes/js/index.js?ver=5.9.5 HTTP/2.0" 200 3919 "https://waykay.goodface.com.ua/" "Mozilla/5.0 (Windows NT 10.0; Win64; x64) AppleWebKit/537.36 (KHTML, like Gecko) Chrome/125.0.0.0 Safari/537.36"
46.211.241.254 - admin [11/Jun/2024:10:43:21 -0400] "GET /wp-content/themes/waykay/assets/js/lib/jquery-3.7.1.min.js?ver=1.0.0 HTTP/2.0" 200 29764 "https://waykay.goodface.com.ua/" "Mozilla/5.0 (Windows NT 10.0; Win64; x64) AppleWebKit/537.36 (KHTML, like Gecko) Chrome/125.0.0.0 Safari/537.36"
46.211.241.254 - admin [11/Jun/2024:10:43:21 -0400] "GET /wp-content/themes/waykay/assets/js/lib/jquery.parallax.js?ver=1.0.0 HTTP/2.0" 200 4454 "https://waykay.goodface.com.ua/" "Mozilla/5.0 (Windows NT 10.0; Win64; x64) AppleWebKit/537.36 (KHTML, like Gecko) Chrome/125.0.0.0 Safari/537.36"
46.211.241.254 - admin [11/Jun/2024:10:43:21 -0400] "GET /wp-content/themes/waykay/assets/js/custom-solutions.js?ver=1.0.0 HTTP/2.0" 200 3995 "https://waykay.goodface.com.ua/" "Mozilla/5.0 (Windows NT 10.0; Win64; x64) AppleWebKit/537.36 (KHTML, like Gecko) Chrome/125.0.0.0 Safari/537.36"
46.211.241.254 - admin [11/Jun/2024:10:43:21 -0400] "GET /wp-content/themes/waykay/assets/js/script.js?ver=1.0.0 HTTP/2.0" 200 676 "https://waykay.goodface.com.ua/" "Mozilla/5.0 (Windows NT 10.0; Win64; x64) AppleWebKit/537.36 (KHTML, like Gecko) Chrome/125.0.0.0 Safari/537.36"
46.211.241.254 - admin [11/Jun/2024:10:43:21 -0400] "GET /wp-content/themes/waykay/assets/images/hero/modo.png HTTP/2.0" 200 1786 "https://waykay.goodface.com.ua/" "Mozilla/5.0 (Windows NT 10.0; Win64; x64) AppleWebKit/537.36 (KHTML, like Gecko) Chrome/125.0.0.0 Safari/537.36"
46.211.241.254 - admin [11/Jun/2024:10:43:21 -0400] "GET /wp-content/themes/waykay/assets/images/hero/casino.png HTTP/2.0" 200 3139 "https://waykay.goodface.com.ua/" "Mozilla/5.0 (Windows NT 10.0; Win64; x64) AppleWebKit/537.36 (KHTML, like Gecko) Chrome/125.0.0.0 Safari/537.36"
46.211.241.254 - admin [11/Jun/2024:10:43:21 -0400] "GET /wp-content/themes/waykay/assets/images/hero/paypal.png HTTP/2.0" 200 1323 "https://waykay.goodface.com.ua/" "Mozilla/5.0 (Windows NT 10.0; Win64; x64) AppleWebKit/537.36 (KHTML, like Gecko) Chrome/125.0.0.0 Safari/537.36"
46.211.241.254 - admin [11/Jun/2024:10:43:21 -0400] "GET /wp-content/themes/waykay/assets/images//hero/gamepad.png HTTP/2.0" 200 1914 "https://waykay.goodface.com.ua/" "Mozilla/5.0 (Windows NT 10.0; Win64; x64) AppleWebKit/537.36 (KHTML, like Gecko) Chrome/125.0.0.0 Safari/537.36"
46.211.241.254 - admin [11/Jun/2024:10:43:21 -0400] "GET /wp-content/themes/waykay/assets/images/hero/mercado-pago.png HTTP/2.0" 200 2199 "https://waykay.goodface.com.ua/" "Mozilla/5.0 (Windows NT 10.0; Win64; x64) AppleWebKit/537.36 (KHTML, like Gecko) Chrome/125.0.0.0 Safari/537.36"
46.211.241.254 - admin [11/Jun/2024:10:43:21 -0400] "GET /wp-content/themes/waykay/assets/images/hero/text-card-1.png HTTP/2.0" 200 3321 "https://waykay.goodface.com.ua/" "Mozilla/5.0 (Windows NT 10.0; Win64; x64) AppleWebKit/537.36 (KHTML, like Gecko) Chrome/125.0.0.0 Safari/537.36"
46.211.241.254 - admin [11/Jun/2024:10:43:21 -0400] "GET /wp-content/themes/waykay/assets/images/lazyload.png HTTP/2.0" 200 123 "https://waykay.goodface.com.ua/" "Mozilla/5.0 (Windows NT 10.0; Win64; x64) AppleWebKit/537.36 (KHTML, like Gecko) Chrome/125.0.0.0 Safari/537.36"
46.211.241.254 - admin [11/Jun/2024:10:43:21 -0400] "GET /wp-content/uploads/fbrfg/favicon.ico HTTP/2.0" 200 2124 "https://waykay.goodface.com.ua/" "Mozilla/5.0 (Windows NT 10.0; Win64; x64) AppleWebKit/537.36 (KHTML, like Gecko) Chrome/125.0.0.0 Safari/537.36"
46.211.241.254 - - [11/Jun/2024:10:43:21 -0400] "GET /wp-content/uploads/fbrfg/site.webmanifest HTTP/2.0" 401 503 "https://waykay.goodface.com.ua/" "Mozilla/5.0 (Windows NT 10.0; Win64; x64) AppleWebKit/537.36 (KHTML, like Gecko) Chrome/125.0.0.0 Safari/537.36"
46.211.241.254 - admin [11/Jun/2024:10:43:22 -0400] "GET /wp-json/contact-form-7/v1/contact-forms/388/feedback/schema HTTP/2.0" 200 204 "https://waykay.goodface.com.ua/" "Mozilla/5.0 (Windows NT 10.0; Win64; x64) AppleWebKit/537.36 (KHTML, like Gecko) Chrome/125.0.0.0 Safari/537.36"
185.156.42.209 - - [11/Jun/2024:10:44:21 -0400] "POST /wp-cron.php?doing_wp_cron=1718117061.6587820053100585937500 HTTP/1.1" 401 503 "-" "WordPress/6.5.4; https://waykay.goodface.com.ua"
46.211.241.254 - admin [11/Jun/2024:10:44:21 -0400] "GET / HTTP/2.0" 200 5392 "-" "Mozilla/5.0 (Windows NT 10.0; Win64; x64) AppleWebKit/537.36 (KHTML, like Gecko) Chrome/125.0.0.0 Safari/537.36"
46.211.241.254 - - [11/Jun/2024:10:44:22 -0400] "GET /wp-content/uploads/fbrfg/site.webmanifest HTTP/2.0" 401 503 "https://waykay.goodface.com.ua/" "Mozilla/5.0 (Windows NT 10.0; Win64; x64) AppleWebKit/537.36 (KHTML, like Gecko) Chrome/125.0.0.0 Safari/537.36"
46.211.241.254 - admin [11/Jun/2024:10:44:23 -0400] "GET /wp-json/contact-form-7/v1/contact-forms/388/feedback/schema HTTP/2.0" 200 204 "https://waykay.goodface.com.ua/" "Mozilla/5.0 (Windows NT 10.0; Win64; x64) AppleWebKit/537.36 (KHTML, like Gecko) Chrome/125.0.0.0 Safari/537.36"
46.211.241.254 - admin [11/Jun/2024:10:44:44 -0400] "GET / HTTP/2.0" 200 5392 "-" "Mozilla/5.0 (Windows NT 10.0; Win64; x64) AppleWebKit/537.36 (KHTML, like Gecko) Chrome/125.0.0.0 Safari/537.36"
46.211.241.254 - - [11/Jun/2024:10:44:45 -0400] "GET /wp-content/uploads/fbrfg/site.webmanifest HTTP/2.0" 401 503 "https://waykay.goodface.com.ua/" "Mozilla/5.0 (Windows NT 10.0; Win64; x64) AppleWebKit/537.36 (KHTML, like Gecko) Chrome/125.0.0.0 Safari/537.36"
46.211.241.254 - admin [11/Jun/2024:10:44:45 -0400] "GET /wp-json/contact-form-7/v1/contact-forms/388/feedback/schema HTTP/2.0" 200 204 "https://waykay.goodface.com.ua/" "Mozilla/5.0 (Windows NT 10.0; Win64; x64) AppleWebKit/537.36 (KHTML, like Gecko) Chrome/125.0.0.0 Safari/537.36"
46.211.241.254 - admin [11/Jun/2024:10:44:55 -0400] "GET / HTTP/2.0" 200 5392 "-" "Mozilla/5.0 (Windows NT 10.0; Win64; x64) AppleWebKit/537.36 (KHTML, like Gecko) Chrome/125.0.0.0 Safari/537.36"
46.211.241.254 - - [11/Jun/2024:10:44:55 -0400] "GET /wp-content/uploads/fbrfg/site.webmanifest HTTP/2.0" 401 503 "https://waykay.goodface.com.ua/" "Mozilla/5.0 (Windows NT 10.0; Win64; x64) AppleWebKit/537.36 (KHTML, like Gecko) Chrome/125.0.0.0 Safari/537.36"
46.211.241.254 - admin [11/Jun/2024:10:44:56 -0400] "GET /wp-json/contact-form-7/v1/contact-forms/388/feedback/schema HTTP/2.0" 200 204 "https://waykay.goodface.com.ua/" "Mozilla/5.0 (Windows NT 10.0; Win64; x64) AppleWebKit/537.36 (KHTML, like Gecko) Chrome/125.0.0.0 Safari/537.36"
46.211.241.254 - - [11/Jun/2024:10:45:00 -0400] "GET / HTTP/2.0" 401 503 "-" "Mozilla/5.0 (Windows NT 10.0; Win64; x64) AppleWebKit/537.36 (KHTML, like Gecko) Chrome/125.0.0.0 Safari/537.36"
185.156.42.209 - - [11/Jun/2024:10:46:09 -0400] "POST /wp-cron.php?doing_wp_cron=1718117169.4093480110168457031250 HTTP/1.1" 401 503 "-" "WordPress/6.5.4; https://waykay.goodface.com.ua"
46.211.241.254 - admin [11/Jun/2024:10:46:09 -0400] "GET / HTTP/2.0" 200 5392 "https://185.156.42.209:2083/" "Mozilla/5.0 (Windows NT 10.0; Win64; x64) AppleWebKit/537.36 (KHTML, like Gecko) Chrome/125.0.0.0 Safari/537.36"
46.211.241.254 - - [11/Jun/2024:10:46:10 -0400] "GET /wp-content/uploads/fbrfg/site.webmanifest HTTP/2.0" 401 503 "https://waykay.goodface.com.ua/" "Mozilla/5.0 (Windows NT 10.0; Win64; x64) AppleWebKit/537.36 (KHTML, like Gecko) Chrome/125.0.0.0 Safari/537.36"
46.211.241.254 - admin [11/Jun/2024:10:46:10 -0400] "GET /wp-json/contact-form-7/v1/contact-forms/388/feedback/schema HTTP/2.0" 200 204 "https://waykay.goodface.com.ua/" "Mozilla/5.0 (Windows NT 10.0; Win64; x64) AppleWebKit/537.36 (KHTML, like Gecko) Chrome/125.0.0.0 Safari/537.36"