95.46.141.39 - admin [11/Jun/2024:10:12:14 -0400] "GET /wp-content/uploads/2024/06/logo-1.svg HTTP/2.0" 200 2063 "https://waykay.goodface.com.ua/" "Mozilla/5.0 (Windows NT 10.0; Win64; x64) AppleWebKit/537.36 (KHTML, like Gecko) Chrome/125.0.0.0 Safari/537.36"
95.46.141.39 - admin [11/Jun/2024:10:12:14 -0400] "GET /wp-content/themes/waykay/assets/css/adaptive.css?ver=1.0.0 HTTP/2.0" 200 840 "https://waykay.goodface.com.ua/" "Mozilla/5.0 (Windows NT 10.0; Win64; x64) AppleWebKit/537.36 (KHTML, like Gecko) Chrome/125.0.0.0 Safari/537.36"
95.46.141.39 - admin [11/Jun/2024:10:12:14 -0400] "GET /wp-content/themes/waykay/assets/css/form-elements.css HTTP/2.0" 200 1285 "https://waykay.goodface.com.ua/wp-content/themes/waykay/assets/css/styles.css?ver=1.0.0" "Mozilla/5.0 (Windows NT 10.0; Win64; x64) AppleWebKit/537.36 (KHTML, like Gecko) Chrome/125.0.0.0 Safari/537.36"
95.46.141.39 - admin [11/Jun/2024:10:12:14 -0400] "GET /wp-content/themes/waykay/assets/css/ui-kit.css HTTP/2.0" 200 2272 "https://waykay.goodface.com.ua/wp-content/themes/waykay/assets/css/styles.css?ver=1.0.0" "Mozilla/5.0 (Windows NT 10.0; Win64; x64) AppleWebKit/537.36 (KHTML, like Gecko) Chrome/125.0.0.0 Safari/537.36"
95.46.141.39 - admin [11/Jun/2024:10:12:14 -0400] "GET /wp-content/themes/waykay/assets/css/ui-blocks.css HTTP/2.0" 200 872 "https://waykay.goodface.com.ua/wp-content/themes/waykay/assets/css/styles.css?ver=1.0.0" "Mozilla/5.0 (Windows NT 10.0; Win64; x64) AppleWebKit/537.36 (KHTML, like Gecko) Chrome/125.0.0.0 Safari/537.36"
95.46.141.39 - admin [11/Jun/2024:10:12:14 -0400] "GET /wp-content/themes/waykay/assets/css/hovers.css HTTP/2.0" 200 237 "https://waykay.goodface.com.ua/wp-content/themes/waykay/assets/css/styles.css?ver=1.0.0" "Mozilla/5.0 (Windows NT 10.0; Win64; x64) AppleWebKit/537.36 (KHTML, like Gecko) Chrome/125.0.0.0 Safari/537.36"
95.46.141.39 - admin [11/Jun/2024:10:12:15 -0400] "GET /wp-content/themes/waykay/assets/fonts/rethinksans-medium.woff2 HTTP/2.0" 200 25856 "https://waykay.goodface.com.ua/wp-content/themes/waykay/assets/css/ui-kit.css" "Mozilla/5.0 (Windows NT 10.0; Win64; x64) AppleWebKit/537.36 (KHTML, like Gecko) Chrome/125.0.0.0 Safari/537.36"
95.46.141.39 - admin [11/Jun/2024:10:12:15 -0400] "GET /wp-content/themes/waykay/assets/fonts/rethinksans-semibold.woff2 HTTP/2.0" 200 25756 "https://waykay.goodface.com.ua/wp-content/themes/waykay/assets/css/ui-kit.css" "Mozilla/5.0 (Windows NT 10.0; Win64; x64) AppleWebKit/537.36 (KHTML, like Gecko) Chrome/125.0.0.0 Safari/537.36"
95.46.141.39 - admin [11/Jun/2024:10:12:15 -0400] "GET /wp-content/themes/waykay/assets/fonts/rethinksans-bold.woff2 HTTP/2.0" 200 25292 "https://waykay.goodface.com.ua/wp-content/themes/waykay/assets/css/ui-kit.css" "Mozilla/5.0 (Windows NT 10.0; Win64; x64) AppleWebKit/537.36 (KHTML, like Gecko) Chrome/125.0.0.0 Safari/537.36"
95.46.141.39 - admin [11/Jun/2024:10:12:15 -0400] "GET /wp-content/themes/waykay/assets/fonts/rethinksans-regular.woff2 HTTP/2.0" 200 25108 "https://waykay.goodface.com.ua/wp-content/themes/waykay/assets/css/ui-kit.css" "Mozilla/5.0 (Windows NT 10.0; Win64; x64) AppleWebKit/537.36 (KHTML, like Gecko) Chrome/125.0.0.0 Safari/537.36"
95.46.141.39 - admin [11/Jun/2024:10:12:16 -0400] "GET /wp-content/themes/waykay/assets/images/gradients/hero-gradient.webp HTTP/2.0" 200 671312 "https://waykay.goodface.com.ua/" "Mozilla/5.0 (Windows NT 10.0; Win64; x64) AppleWebKit/537.36 (KHTML, like Gecko) Chrome/125.0.0.0 Safari/537.36"
95.46.141.39 - admin [11/Jun/2024:10:12:17 -0400] "GET /wp-content/uploads/2024/06/main.png HTTP/2.0" 200 120400 "https://waykay.goodface.com.ua/" "Mozilla/5.0 (Windows NT 10.0; Win64; x64) AppleWebKit/537.36 (KHTML, like Gecko) Chrome/125.0.0.0 Safari/537.36"
95.46.141.39 - admin [11/Jun/2024:10:12:17 -0400] "GET /wp-content/themes/waykay/assets/images/hero/text-card-2.png HTTP/2.0" 200 2565 "https://waykay.goodface.com.ua/" "Mozilla/5.0 (Windows NT 10.0; Win64; x64) AppleWebKit/537.36 (KHTML, like Gecko) Chrome/125.0.0.0 Safari/537.36"
95.46.141.39 - admin [11/Jun/2024:10:12:17 -0400] "GET /wp-content/themes/waykay/assets/images/hero/toy.png HTTP/2.0" 200 1624 "https://waykay.goodface.com.ua/" "Mozilla/5.0 (Windows NT 10.0; Win64; x64) AppleWebKit/537.36 (KHTML, like Gecko) Chrome/125.0.0.0 Safari/537.36"
95.46.141.39 - admin [11/Jun/2024:10:12:17 -0400] "GET /wp-content/plugins/contact-form-7/includes/swv/js/index.js?ver=5.9.5 HTTP/2.0" 200 3229 "https://waykay.goodface.com.ua/" "Mozilla/5.0 (Windows NT 10.0; Win64; x64) AppleWebKit/537.36 (KHTML, like Gecko) Chrome/125.0.0.0 Safari/537.36"
95.46.141.39 - admin [11/Jun/2024:10:12:17 -0400] "GET /wp-content/plugins/contact-form-7/includes/js/index.js?ver=5.9.5 HTTP/2.0" 200 3919 "https://waykay.goodface.com.ua/" "Mozilla/5.0 (Windows NT 10.0; Win64; x64) AppleWebKit/537.36 (KHTML, like Gecko) Chrome/125.0.0.0 Safari/537.36"
95.46.141.39 - admin [11/Jun/2024:10:12:17 -0400] "GET /wp-content/themes/waykay/assets/js/lib/jquery-3.7.1.min.js?ver=1.0.0 HTTP/2.0" 200 29764 "https://waykay.goodface.com.ua/" "Mozilla/5.0 (Windows NT 10.0; Win64; x64) AppleWebKit/537.36 (KHTML, like Gecko) Chrome/125.0.0.0 Safari/537.36"
95.46.141.39 - admin [11/Jun/2024:10:12:17 -0400] "GET /wp-content/themes/waykay/assets/js/lib/jquery.parallax.js?ver=1.0.0 HTTP/2.0" 200 4454 "https://waykay.goodface.com.ua/" "Mozilla/5.0 (Windows NT 10.0; Win64; x64) AppleWebKit/537.36 (KHTML, like Gecko) Chrome/125.0.0.0 Safari/537.36"
95.46.141.39 - admin [11/Jun/2024:10:12:17 -0400] "GET /wp-content/themes/waykay/assets/js/custom-solutions.js?ver=1.0.0 HTTP/2.0" 200 3995 "https://waykay.goodface.com.ua/" "Mozilla/5.0 (Windows NT 10.0; Win64; x64) AppleWebKit/537.36 (KHTML, like Gecko) Chrome/125.0.0.0 Safari/537.36"
95.46.141.39 - admin [11/Jun/2024:10:12:17 -0400] "GET /wp-content/themes/waykay/assets/js/script.js?ver=1.0.0 HTTP/2.0" 200 676 "https://waykay.goodface.com.ua/" "Mozilla/5.0 (Windows NT 10.0; Win64; x64) AppleWebKit/537.36 (KHTML, like Gecko) Chrome/125.0.0.0 Safari/537.36"
95.46.141.39 - admin [11/Jun/2024:10:12:17 -0400] "GET /wp-content/themes/waykay/assets/images/hero/modo.png HTTP/2.0" 200 1786 "https://waykay.goodface.com.ua/" "Mozilla/5.0 (Windows NT 10.0; Win64; x64) AppleWebKit/537.36 (KHTML, like Gecko) Chrome/125.0.0.0 Safari/537.36"
95.46.141.39 - admin [11/Jun/2024:10:12:17 -0400] "GET /wp-content/themes/waykay/assets/images/hero/casino.png HTTP/2.0" 200 3139 "https://waykay.goodface.com.ua/" "Mozilla/5.0 (Windows NT 10.0; Win64; x64) AppleWebKit/537.36 (KHTML, like Gecko) Chrome/125.0.0.0 Safari/537.36"
95.46.141.39 - admin [11/Jun/2024:10:12:17 -0400] "GET /wp-content/themes/waykay/assets/images/hero/paypal.png HTTP/2.0" 200 1323 "https://waykay.goodface.com.ua/" "Mozilla/5.0 (Windows NT 10.0; Win64; x64) AppleWebKit/537.36 (KHTML, like Gecko) Chrome/125.0.0.0 Safari/537.36"
95.46.141.39 - admin [11/Jun/2024:10:12:17 -0400] "GET /wp-content/themes/waykay/assets/images//hero/gamepad.png HTTP/2.0" 200 1914 "https://waykay.goodface.com.ua/" "Mozilla/5.0 (Windows NT 10.0; Win64; x64) AppleWebKit/537.36 (KHTML, like Gecko) Chrome/125.0.0.0 Safari/537.36"
95.46.141.39 - admin [11/Jun/2024:10:12:17 -0400] "GET /wp-content/themes/waykay/assets/images/hero/mercado-pago.png HTTP/2.0" 200 2199 "https://waykay.goodface.com.ua/" "Mozilla/5.0 (Windows NT 10.0; Win64; x64) AppleWebKit/537.36 (KHTML, like Gecko) Chrome/125.0.0.0 Safari/537.36"
95.46.141.39 - admin [11/Jun/2024:10:12:17 -0400] "GET /wp-content/themes/waykay/assets/images/hero/text-card-1.png HTTP/2.0" 200 3321 "https://waykay.goodface.com.ua/" "Mozilla/5.0 (Windows NT 10.0; Win64; x64) AppleWebKit/537.36 (KHTML, like Gecko) Chrome/125.0.0.0 Safari/537.36"
95.46.141.39 - admin [11/Jun/2024:10:12:17 -0400] "GET /wp-content/themes/waykay/assets/images/lazyload.png HTTP/2.0" 200 123 "https://waykay.goodface.com.ua/" "Mozilla/5.0 (Windows NT 10.0; Win64; x64) AppleWebKit/537.36 (KHTML, like Gecko) Chrome/125.0.0.0 Safari/537.36"
95.46.141.39 - admin [11/Jun/2024:10:12:17 -0400] "GET /wp-content/themes/waykay/assets/images/lazyload.png HTTP/2.0" 200 123 "https://waykay.goodface.com.ua/" "Mozilla/5.0 (Windows NT 10.0; Win64; x64) AppleWebKit/537.36 (KHTML, like Gecko) Chrome/125.0.0.0 Safari/537.36"
95.46.141.39 - admin [11/Jun/2024:10:12:17 -0400] "GET /wp-content/uploads/2024/06/mercado.svg HTTP/2.0" 200 2163 "https://waykay.goodface.com.ua/" "Mozilla/5.0 (Windows NT 10.0; Win64; x64) AppleWebKit/537.36 (KHTML, like Gecko) Chrome/125.0.0.0 Safari/537.36"
95.46.141.39 - admin [11/Jun/2024:10:12:17 -0400] "GET /wp-content/uploads/2024/06/khipu.svg HTTP/2.0" 200 22509 "https://waykay.goodface.com.ua/" "Mozilla/5.0 (Windows NT 10.0; Win64; x64) AppleWebKit/537.36 (KHTML, like Gecko) Chrome/125.0.0.0 Safari/537.36"
95.46.141.39 - admin [11/Jun/2024:10:12:18 -0400] "GET /wp-content/uploads/2024/06/provincia.svg HTTP/2.0" 200 1710 "https://waykay.goodface.com.ua/" "Mozilla/5.0 (Windows NT 10.0; Win64; x64) AppleWebKit/537.36 (KHTML, like Gecko) Chrome/125.0.0.0 Safari/537.36"
95.46.141.39 - admin [11/Jun/2024:10:12:18 -0400] "GET /wp-content/uploads/2024/06/rapipago.svg HTTP/2.0" 200 3656 "https://waykay.goodface.com.ua/" "Mozilla/5.0 (Windows NT 10.0; Win64; x64) AppleWebKit/537.36 (KHTML, like Gecko) Chrome/125.0.0.0 Safari/537.36"
95.46.141.39 - admin [11/Jun/2024:10:12:18 -0400] "GET /wp-content/uploads/2024/06/uala.svg HTTP/2.0" 200 26517 "https://waykay.goodface.com.ua/" "Mozilla/5.0 (Windows NT 10.0; Win64; x64) AppleWebKit/537.36 (KHTML, like Gecko) Chrome/125.0.0.0 Safari/537.36"
95.46.141.39 - admin [11/Jun/2024:10:12:18 -0400] "GET /wp-content/uploads/2024/06/pago-facil.svg HTTP/2.0" 200 8512 "https://waykay.goodface.com.ua/" "Mozilla/5.0 (Windows NT 10.0; Win64; x64) AppleWebKit/537.36 (KHTML, like Gecko) Chrome/125.0.0.0 Safari/537.36"
95.46.141.39 - admin [11/Jun/2024:10:12:18 -0400] "GET /wp-content/uploads/2024/06/debin.svg HTTP/2.0" 200 6117 "https://waykay.goodface.com.ua/" "Mozilla/5.0 (Windows NT 10.0; Win64; x64) AppleWebKit/537.36 (KHTML, like Gecko) Chrome/125.0.0.0 Safari/537.36"
95.46.141.39 - admin [11/Jun/2024:10:12:18 -0400] "GET /wp-content/uploads/2024/06/modo.svg HTTP/2.0" 200 1447 "https://waykay.goodface.com.ua/" "Mozilla/5.0 (Windows NT 10.0; Win64; x64) AppleWebKit/537.36 (KHTML, like Gecko) Chrome/125.0.0.0 Safari/537.36"
95.46.141.39 - admin [11/Jun/2024:10:12:18 -0400] "GET /wp-content/uploads/2024/06/paypal.svg HTTP/2.0" 200 877 "https://waykay.goodface.com.ua/" "Mozilla/5.0 (Windows NT 10.0; Win64; x64) AppleWebKit/537.36 (KHTML, like Gecko) Chrome/125.0.0.0 Safari/537.36"
95.46.141.39 - admin [11/Jun/2024:10:12:18 -0400] "GET /wp-content/uploads/2024/06/alias-cbu.svg HTTP/2.0" 200 2084 "https://waykay.goodface.com.ua/" "Mozilla/5.0 (Windows NT 10.0; Win64; x64) AppleWebKit/537.36 (KHTML, like Gecko) Chrome/125.0.0.0 Safari/537.36"
95.46.141.39 - - [11/Jun/2024:10:12:18 -0400] "GET /wp-content/uploads/fbrfg/site.webmanifest HTTP/2.0" 401 503 "https://waykay.goodface.com.ua/" "Mozilla/5.0 (Windows NT 10.0; Win64; x64) AppleWebKit/537.36 (KHTML, like Gecko) Chrome/125.0.0.0 Safari/537.36"
95.46.141.39 - admin [11/Jun/2024:10:12:18 -0400] "GET /wp-content/uploads/fbrfg/favicon.ico HTTP/2.0" 200 2124 "https://waykay.goodface.com.ua/" "Mozilla/5.0 (Windows NT 10.0; Win64; x64) AppleWebKit/537.36 (KHTML, like Gecko) Chrome/125.0.0.0 Safari/537.36"
95.46.141.39 - admin [11/Jun/2024:10:12:18 -0400] "GET /wp-json/contact-form-7/v1/contact-forms/388/feedback/schema HTTP/2.0" 200 204 "https://waykay.goodface.com.ua/" "Mozilla/5.0 (Windows NT 10.0; Win64; x64) AppleWebKit/537.36 (KHTML, like Gecko) Chrome/125.0.0.0 Safari/537.36"
95.46.141.39 - admin [11/Jun/2024:10:12:21 -0400] "GET /wp-content/themes/waykay/assets/images/gradients/benefit-gradient.webp HTTP/2.0" 200 843450 "https://waykay.goodface.com.ua/" "Mozilla/5.0 (Windows NT 10.0; Win64; x64) AppleWebKit/537.36 (KHTML, like Gecko) Chrome/125.0.0.0 Safari/537.36"
95.46.141.39 - admin [11/Jun/2024:10:12:21 -0400] "GET /wp-content/uploads/2024/06/1.png HTTP/2.0" 200 22110 "https://waykay.goodface.com.ua/" "Mozilla/5.0 (Windows NT 10.0; Win64; x64) AppleWebKit/537.36 (KHTML, like Gecko) Chrome/125.0.0.0 Safari/537.36"
95.46.141.39 - admin [11/Jun/2024:10:12:21 -0400] "GET /wp-content/uploads/2024/06/3.png HTTP/2.0" 200 107552 "https://waykay.goodface.com.ua/" "Mozilla/5.0 (Windows NT 10.0; Win64; x64) AppleWebKit/537.36 (KHTML, like Gecko) Chrome/125.0.0.0 Safari/537.36"
95.46.141.39 - admin [11/Jun/2024:10:12:22 -0400] "GET /wp-content/uploads/2024/06/2.png HTTP/2.0" 200 65866 "https://waykay.goodface.com.ua/" "Mozilla/5.0 (Windows NT 10.0; Win64; x64) AppleWebKit/537.36 (KHTML, like Gecko) Chrome/125.0.0.0 Safari/537.36"
95.46.141.39 - admin [11/Jun/2024:10:12:22 -0400] "GET /wp-content/uploads/2024/06/4.png HTTP/2.0" 200 23643 "https://waykay.goodface.com.ua/" "Mozilla/5.0 (Windows NT 10.0; Win64; x64) AppleWebKit/537.36 (KHTML, like Gecko) Chrome/125.0.0.0 Safari/537.36"
95.46.141.39 - admin [11/Jun/2024:10:12:22 -0400] "GET /wp-content/uploads/2024/06/mail.svg HTTP/2.0" 200 416 "https://waykay.goodface.com.ua/" "Mozilla/5.0 (Windows NT 10.0; Win64; x64) AppleWebKit/537.36 (KHTML, like Gecko) Chrome/125.0.0.0 Safari/537.36"
95.46.141.39 - admin [11/Jun/2024:10:12:22 -0400] "GET /wp-content/uploads/2024/06/form-complete.svg HTTP/2.0" 200 264 "https://waykay.goodface.com.ua/" "Mozilla/5.0 (Windows NT 10.0; Win64; x64) AppleWebKit/537.36 (KHTML, like Gecko) Chrome/125.0.0.0 Safari/537.36"
95.46.141.39 - admin [11/Jun/2024:10:12:24 -0400] "GET /wp-content/themes/waykay/assets/images/gradients/footer-gradient.webp HTTP/2.0" 200 412756 "https://waykay.goodface.com.ua/" "Mozilla/5.0 (Windows NT 10.0; Win64; x64) AppleWebKit/537.36 (KHTML, like Gecko) Chrome/125.0.0.0 Safari/537.36"
95.46.141.39 - - [11/Jun/2024:10:12:40 -0400] "GET /wp-content/uploads/fbrfg/site.webmanifest HTTP/2.0" 401 503 "https://waykay.goodface.com.ua/" "Mozilla/5.0 (Windows NT 10.0; Win64; x64) AppleWebKit/537.36 (KHTML, like Gecko) Chrome/125.0.0.0 Safari/537.36"
95.46.141.39 - admin [11/Jun/2024:10:12:40 -0400] "GET /wp-content/themes/waykay/assets/css/styles.css?ver=1.0.0 HTTP/2.0" 304 0 "https://waykay.goodface.com.ua/" "Mozilla/5.0 (Windows NT 10.0; Win64; x64) AppleWebKit/537.36 (KHTML, like Gecko) Chrome/125.0.0.0 Safari/537.36"
185.156.42.209 - - [11/Jun/2024:10:13:20 -0400] "POST /wp-cron.php?doing_wp_cron=1718115200.1599099636077880859375 HTTP/1.1" 401 503 "-" "WordPress/6.5.3; https://waykay.goodface.com.ua"
95.46.141.39 - admin [11/Jun/2024:10:13:21 -0400] "POST /wp-json/contact-form-7/v1/contact-forms/388/feedback HTTP/2.0" 200 153 "https://waykay.goodface.com.ua/" "Mozilla/5.0 (Windows NT 10.0; Win64; x64) AppleWebKit/537.36 (KHTML, like Gecko) Chrome/125.0.0.0 Safari/537.36"
95.46.141.39 - admin [11/Jun/2024:10:13:22 -0400] "GET /wp-json/contact-form-7/v1/contact-forms/388/refill HTTP/2.0" 200 6 "https://waykay.goodface.com.ua/" "Mozilla/5.0 (Windows NT 10.0; Win64; x64) AppleWebKit/537.36 (KHTML, like Gecko) Chrome/125.0.0.0 Safari/537.36"
185.156.42.209 - - [11/Jun/2024:10:13:36 -0400] "POST /wp-admin/admin-ajax.php?action=as_async_request_queue_runner&nonce=d728627fba HTTP/1.1" 401 503 "-" "WordPress/6.5.3; https://waykay.goodface.com.ua"
95.46.141.39 - admin [11/Jun/2024:10:13:36 -0400] "POST /wp-admin/admin-ajax.php HTTP/2.0" 200 51 "https://waykay.goodface.com.ua/wp-admin/admin.php?page=theme-general-settings" "Mozilla/5.0 (Windows NT 10.0; Win64; x64) AppleWebKit/537.36 (KHTML, like Gecko) Chrome/125.0.0.0 Safari/537.36"
185.156.42.209 - - [11/Jun/2024:10:15:37 -0400] "POST /wp-cron.php?doing_wp_cron=1718115337.5615589618682861328125 HTTP/1.1" 401 503 "-" "WordPress/6.5.3; https://waykay.goodface.com.ua"
185.156.42.209 - - [11/Jun/2024:10:15:37 -0400] "POST /wp-admin/admin-ajax.php?action=as_async_request_queue_runner&nonce=d728627fba HTTP/1.1" 401 503 "-" "WordPress/6.5.3; https://waykay.goodface.com.ua"
95.46.141.39 - admin [11/Jun/2024:10:15:37 -0400] "POST /wp-admin/admin-ajax.php HTTP/2.0" 200 51 "https://waykay.goodface.com.ua/wp-admin/admin.php?page=theme-general-settings" "Mozilla/5.0 (Windows NT 10.0; Win64; x64) AppleWebKit/537.36 (KHTML, like Gecko) Chrome/125.0.0.0 Safari/537.36"
95.46.141.39 - admin [11/Jun/2024:10:15:57 -0400] "POST /wp-admin/admin-ajax.php HTTP/2.0" 200 92 "https://waykay.goodface.com.ua/wp-admin/admin.php?page=theme-general-settings" "Mozilla/5.0 (Windows NT 10.0; Win64; x64) AppleWebKit/537.36 (KHTML, like Gecko) Chrome/125.0.0.0 Safari/537.36"
95.46.141.39 - admin [11/Jun/2024:10:16:19 -0400] "POST /wp-admin/admin-ajax.php HTTP/2.0" 200 44 "https://waykay.goodface.com.ua/wp-admin/admin.php?page=theme-general-settings" "Mozilla/5.0 (Windows NT 10.0; Win64; x64) AppleWebKit/537.36 (KHTML, like Gecko) Chrome/125.0.0.0 Safari/537.36"
95.46.141.39 - admin [11/Jun/2024:10:16:20 -0400] "POST /wp-admin/admin.php?page=theme-general-settings HTTP/2.0" 302 0 "https://waykay.goodface.com.ua/wp-admin/admin.php?page=theme-general-settings" "Mozilla/5.0 (Windows NT 10.0; Win64; x64) AppleWebKit/537.36 (KHTML, like Gecko) Chrome/125.0.0.0 Safari/537.36"
95.46.141.39 - admin [11/Jun/2024:10:16:21 -0400] "GET /wp-admin/admin.php?page=theme-general-settings&message=1 HTTP/2.0" 200 36224 "https://waykay.goodface.com.ua/wp-admin/admin.php?page=theme-general-settings" "Mozilla/5.0 (Windows NT 10.0; Win64; x64) AppleWebKit/537.36 (KHTML, like Gecko) Chrome/125.0.0.0 Safari/537.36"
95.46.141.39 - admin [11/Jun/2024:10:16:21 -0400] "GET /wp-content/uploads/2024/06/logo-1.svg HTTP/2.0" 304 0 "https://waykay.goodface.com.ua/wp-admin/admin.php?page=theme-general-settings&message=1" "Mozilla/5.0 (Windows NT 10.0; Win64; x64) AppleWebKit/537.36 (KHTML, like Gecko) Chrome/125.0.0.0 Safari/537.36"
95.46.141.39 - - [11/Jun/2024:10:16:22 -0400] "GET /wp-content/uploads/fbrfg/site.webmanifest HTTP/2.0" 401 503 "https://waykay.goodface.com.ua/wp-admin/admin.php?page=theme-general-settings" "Mozilla/5.0 (Windows NT 10.0; Win64; x64) AppleWebKit/537.36 (KHTML, like Gecko) Chrome/125.0.0.0 Safari/537.36"
95.46.141.39 - admin [11/Jun/2024:10:16:23 -0400] "GET / HTTP/2.0" 200 5192 "https://waykay.goodface.com.ua/wp-admin/plugins.php" "Mozilla/5.0 (Windows NT 10.0; Win64; x64) AppleWebKit/537.36 (KHTML, like Gecko) Chrome/125.0.0.0 Safari/537.36"
95.46.141.39 - admin [11/Jun/2024:10:16:24 -0400] "GET /wp-content/themes/waykay/assets/css/styles.css?ver=1.0.0 HTTP/2.0" 304 0 "https://waykay.goodface.com.ua/" "Mozilla/5.0 (Windows NT 10.0; Win64; x64) AppleWebKit/537.36 (KHTML, like Gecko) Chrome/125.0.0.0 Safari/537.36"
95.46.141.39 - admin [11/Jun/2024:10:16:24 -0400] "GET /wp-content/uploads/fbrfg/favicon.ico HTTP/2.0" 304 0 "https://waykay.goodface.com.ua/" "Mozilla/5.0 (Windows NT 10.0; Win64; x64) AppleWebKit/537.36 (KHTML, like Gecko) Chrome/125.0.0.0 Safari/537.36"
95.46.141.39 - - [11/Jun/2024:10:16:24 -0400] "GET /wp-content/uploads/fbrfg/site.webmanifest HTTP/2.0" 401 503 "https://waykay.goodface.com.ua/" "Mozilla/5.0 (Windows NT 10.0; Win64; x64) AppleWebKit/537.36 (KHTML, like Gecko) Chrome/125.0.0.0 Safari/537.36"
95.46.141.39 - admin [11/Jun/2024:10:16:24 -0400] "GET /wp-json/contact-form-7/v1/contact-forms/388/feedback/schema HTTP/2.0" 200 204 "https://waykay.goodface.com.ua/" "Mozilla/5.0 (Windows NT 10.0; Win64; x64) AppleWebKit/537.36 (KHTML, like Gecko) Chrome/125.0.0.0 Safari/537.36"
95.46.141.39 - admin [11/Jun/2024:10:16:27 -0400] "GET /terms&conditions.pdf HTTP/2.0" 200 115149 "https://waykay.goodface.com.ua/" "Mozilla/5.0 (Windows NT 10.0; Win64; x64) AppleWebKit/537.36 (KHTML, like Gecko) Chrome/125.0.0.0 Safari/537.36"
95.46.141.39 - admin [11/Jun/2024:10:16:27 -0400] "GET /favicon.ico HTTP/2.0" 200 2124 "https://waykay.goodface.com.ua/terms&conditions.pdf" "Mozilla/5.0 (Windows NT 10.0; Win64; x64) AppleWebKit/537.36 (KHTML, like Gecko) Chrome/125.0.0.0 Safari/537.36"
185.156.42.209 - - [11/Jun/2024:10:16:46 -0400] "POST /wp-cron.php?doing_wp_cron=1718115406.1650309562683105468750 HTTP/1.1" 401 503 "-" "WordPress/6.5.3; https://waykay.goodface.com.ua"
185.156.42.209 - - [11/Jun/2024:10:16:46 -0400] "POST /wp-admin/admin-ajax.php?action=as_async_request_queue_runner&nonce=d728627fba HTTP/1.1" 401 503 "-" "WordPress/6.5.3; https://waykay.goodface.com.ua"
95.46.141.39 - admin [11/Jun/2024:10:16:46 -0400] "POST /wp-admin/admin-ajax.php HTTP/2.0" 200 44 "https://waykay.goodface.com.ua/wp-admin/admin.php?page=theme-general-settings" "Mozilla/5.0 (Windows NT 10.0; Win64; x64) AppleWebKit/537.36 (KHTML, like Gecko) Chrome/125.0.0.0 Safari/537.36"
95.46.141.39 - admin [11/Jun/2024:10:16:47 -0400] "POST /wp-admin/admin.php?page=theme-general-settings HTTP/2.0" 302 0 "https://waykay.goodface.com.ua/wp-admin/admin.php?page=theme-general-settings" "Mozilla/5.0 (Windows NT 10.0; Win64; x64) AppleWebKit/537.36 (KHTML, like Gecko) Chrome/125.0.0.0 Safari/537.36"
95.46.141.39 - admin [11/Jun/2024:10:16:48 -0400] "GET /wp-admin/admin.php?page=theme-general-settings&message=1 HTTP/2.0" 200 36030 "https://waykay.goodface.com.ua/wp-admin/admin.php?page=theme-general-settings" "Mozilla/5.0 (Windows NT 10.0; Win64; x64) AppleWebKit/537.36 (KHTML, like Gecko) Chrome/125.0.0.0 Safari/537.36"
95.46.141.39 - - [11/Jun/2024:10:16:48 -0400] "GET /wp-content/uploads/fbrfg/site.webmanifest HTTP/2.0" 401 503 "https://waykay.goodface.com.ua/wp-admin/admin.php?page=theme-general-settings" "Mozilla/5.0 (Windows NT 10.0; Win64; x64) AppleWebKit/537.36 (KHTML, like Gecko) Chrome/125.0.0.0 Safari/537.36"
95.46.141.39 - admin [11/Jun/2024:10:16:49 -0400] "GET /wp-admin/plugins.php HTTP/2.0" 200 20075 "https://waykay.goodface.com.ua/wp-admin/admin.php?page=theme-general-settings" "Mozilla/5.0 (Windows NT 10.0; Win64; x64) AppleWebKit/537.36 (KHTML, like Gecko) Chrome/125.0.0.0 Safari/537.36"
95.46.141.39 - - [11/Jun/2024:10:16:50 -0400] "GET /wp-content/uploads/fbrfg/site.webmanifest HTTP/2.0" 401 503 "https://waykay.goodface.com.ua/wp-admin/plugins.php" "Mozilla/5.0 (Windows NT 10.0; Win64; x64) AppleWebKit/537.36 (KHTML, like Gecko) Chrome/125.0.0.0 Safari/537.36"
95.46.141.39 - admin [11/Jun/2024:10:16:53 -0400] "GET /wp-admin/plugin-install.php HTTP/2.0" 200 20999 "https://waykay.goodface.com.ua/wp-admin/plugins.php" "Mozilla/5.0 (Windows NT 10.0; Win64; x64) AppleWebKit/537.36 (KHTML, like Gecko) Chrome/125.0.0.0 Safari/537.36"
95.46.141.39 - - [11/Jun/2024:10:16:54 -0400] "GET /wp-content/uploads/fbrfg/site.webmanifest HTTP/2.0" 401 503 "https://waykay.goodface.com.ua/wp-admin/plugin-install.php" "Mozilla/5.0 (Windows NT 10.0; Win64; x64) AppleWebKit/537.36 (KHTML, like Gecko) Chrome/125.0.0.0 Safari/537.36"
95.46.141.39 - admin [11/Jun/2024:10:16:58 -0400] "POST /wp-admin/admin-ajax.php HTTP/2.0" 200 4514 "https://waykay.goodface.com.ua/wp-admin/plugin-install.php?s=tidio&tab=search&type=term" "Mozilla/5.0 (Windows NT 10.0; Win64; x64) AppleWebKit/537.36 (KHTML, like Gecko) Chrome/125.0.0.0 Safari/537.36"
95.46.141.39 - admin [11/Jun/2024:10:17:08 -0400] "POST /wp-admin/admin-ajax.php HTTP/2.0" 200 489 "https://waykay.goodface.com.ua/wp-admin/plugin-install.php?s=tidio&tab=search&type=term" "Mozilla/5.0 (Windows NT 10.0; Win64; x64) AppleWebKit/537.36 (KHTML, like Gecko) Chrome/125.0.0.0 Safari/537.36"
95.46.141.39 - admin [11/Jun/2024:10:17:10 -0400] "POST /wp-admin/admin-ajax.php HTTP/2.0" 200 186 "https://waykay.goodface.com.ua/wp-admin/plugin-install.php?s=tidio&tab=search&type=term" "Mozilla/5.0 (Windows NT 10.0; Win64; x64) AppleWebKit/537.36 (KHTML, like Gecko) Chrome/125.0.0.0 Safari/537.36"
95.46.141.39 - admin [11/Jun/2024:10:17:12 -0400] "POST /wp-admin/admin-ajax.php HTTP/2.0" 200 126 "https://waykay.goodface.com.ua/wp-admin/plugin-install.php?s=tidio&tab=search&type=term" "Mozilla/5.0 (Windows NT 10.0; Win64; x64) AppleWebKit/537.36 (KHTML, like Gecko) Chrome/125.0.0.0 Safari/537.36"
95.46.141.39 - admin [11/Jun/2024:10:17:33 -0400] "GET /wp-admin/plugins.php HTTP/2.0" 200 21019 "https://waykay.goodface.com.ua/wp-admin/plugin-install.php?s=tidio&tab=search&type=term" "Mozilla/5.0 (Windows NT 10.0; Win64; x64) AppleWebKit/537.36 (KHTML, like Gecko) Chrome/125.0.0.0 Safari/537.36"
95.46.141.39 - admin [11/Jun/2024:10:17:34 -0400] "GET /wp-content/plugins/tidio-live-chat/css/top-bar.css?ver=6.5.3 HTTP/2.0" 200 165 "https://waykay.goodface.com.ua/wp-admin/plugins.php" "Mozilla/5.0 (Windows NT 10.0; Win64; x64) AppleWebKit/537.36 (KHTML, like Gecko) Chrome/125.0.0.0 Safari/537.36"
95.46.141.39 - - [11/Jun/2024:10:17:34 -0400] "GET /wp-content/uploads/fbrfg/site.webmanifest HTTP/2.0" 401 503 "https://waykay.goodface.com.ua/wp-admin/plugins.php" "Mozilla/5.0 (Windows NT 10.0; Win64; x64) AppleWebKit/537.36 (KHTML, like Gecko) Chrome/125.0.0.0 Safari/537.36"
95.46.141.39 - admin [11/Jun/2024:10:17:39 -0400] "GET /wp-admin/admin.php?page=tidio-live-chat HTTP/2.0" 200 14281 "https://waykay.goodface.com.ua/wp-admin/plugins.php" "Mozilla/5.0 (Windows NT 10.0; Win64; x64) AppleWebKit/537.36 (KHTML, like Gecko) Chrome/125.0.0.0 Safari/537.36"
95.46.141.39 - admin [11/Jun/2024:10:17:40 -0400] "GET /wp-content/plugins/tidio-live-chat/css/top-bar.css?ver=6.5.3 HTTP/2.0" 304 0 "https://waykay.goodface.com.ua/wp-admin/admin.php?page=tidio-live-chat" "Mozilla/5.0 (Windows NT 10.0; Win64; x64) AppleWebKit/537.36 (KHTML, like Gecko) Chrome/125.0.0.0 Safari/537.36"
95.46.141.39 - - [11/Jun/2024:10:17:42 -0400] "GET /wp-content/uploads/fbrfg/site.webmanifest HTTP/2.0" 401 503 "https://waykay.goodface.com.ua/wp-admin/admin.php?page=tidio-live-chat" "Mozilla/5.0 (Windows NT 10.0; Win64; x64) AppleWebKit/537.36 (KHTML, like Gecko) Chrome/125.0.0.0 Safari/537.36"
185.156.42.209 - - [11/Jun/2024:10:18:17 -0400] "POST /wp-cron.php?doing_wp_cron=1718115497.1550710201263427734375 HTTP/1.1" 401 503 "-" "WordPress/6.5.3; https://waykay.goodface.com.ua"
185.156.42.209 - - [11/Jun/2024:10:18:18 -0400] "POST /wp-admin/admin-ajax.php?action=as_async_request_queue_runner&nonce=d728627fba HTTP/1.1" 401 503 "-" "WordPress/6.5.3; https://waykay.goodface.com.ua"
95.46.141.39 - admin [11/Jun/2024:10:18:18 -0400] "GET /wp-admin/admin-post.php?action=tidio-live-chat-integrate-project&_wpnonce=d74a346344&refreshToken=def502008f4557591a6ba981e26891ad6b101481dadd7f102f4fe06e97515ffe7a7a00f21c840a60bbe0dd29ce9cd966118890c600eb9ba3b682124925a7a7ca2688eb0f55c26105b8e9860e05580cab304574c4761bd2fefb8a9c9af62d899492675770f38bee3821797d619916d0a27a33c7e35c20bec48b56b14d0efcf9dfe5c32dfcd54568d96fe794df8a96ee974aea5a8c180c6cb0b1614a7ec01c896e426d502efba56d60defa11c095571b2ce243d3f0efbc7a9a3fd3c309debacf18902aafa54e7a59a231131dfcc25179132ca87c5886a7069f061f3fe99b34bd084b042c89e42a59b000129ee99ba81acd9308d6ca1ebfb9e96a24028131b115689122daab2b073daaccb5591c7770a725ee4b362e840c302938333a19282548465fe91236d8a391f686d2e8fd602a96a1db31ec51c7cd169ad82b678d4cacf17d619714999c9cf57b0bc372d07e9860a039b0239e574eb23cf1dd5f61b2793d6d1241fd72ddbc620c51231ef0b9487fc1bcb8f8e7249147e06b9ba4cbe26bd204de9468b873a3ae589f3572f2e5bbff5560d75ac3c3 HTTP/2.0" 302 0 "https://www.tidio.com/" "Mozilla/5.0 (Windows NT 10.0; Win64; x64) AppleWebKit/537.36 (KHTML, like Gecko) Chrome/125.0.0.0 Safari/537.36"
95.46.141.39 - admin [11/Jun/2024:10:18:18 -0400] "GET /wp-admin/admin.php?page=tidio-live-chat HTTP/2.0" 200 14383 "https://www.tidio.com/" "Mozilla/5.0 (Windows NT 10.0; Win64; x64) AppleWebKit/537.36 (KHTML, like Gecko) Chrome/125.0.0.0 Safari/537.36"
95.46.141.39 - admin [11/Jun/2024:10:18:19 -0400] "GET /wp-content/plugins/tidio-live-chat/css/top-bar.css?ver=6.5.3 HTTP/2.0" 304 0 "https://waykay.goodface.com.ua/wp-admin/admin.php?page=tidio-live-chat" "Mozilla/5.0 (Windows NT 10.0; Win64; x64) AppleWebKit/537.36 (KHTML, like Gecko) Chrome/125.0.0.0 Safari/537.36"
95.46.141.39 - - [11/Jun/2024:10:18:19 -0400] "GET /wp-content/uploads/fbrfg/site.webmanifest HTTP/2.0" 401 503 "https://waykay.goodface.com.ua/wp-admin/admin.php?page=tidio-live-chat" "Mozilla/5.0 (Windows NT 10.0; Win64; x64) AppleWebKit/537.36 (KHTML, like Gecko) Chrome/125.0.0.0 Safari/537.36"
95.46.141.39 - admin [11/Jun/2024:10:18:22 -0400] "GET / HTTP/2.0" 200 5392 "https://waykay.goodface.com.ua/wp-admin/admin.php?page=tidio-live-chat" "Mozilla/5.0 (Windows NT 10.0; Win64; x64) AppleWebKit/537.36 (KHTML, like Gecko) Chrome/125.0.0.0 Safari/537.36"
95.46.141.39 - admin [11/Jun/2024:10:18:23 -0400] "GET /wp-content/themes/waykay/assets/css/styles.css?ver=1.0.0 HTTP/2.0" 304 0 "https://waykay.goodface.com.ua/" "Mozilla/5.0 (Windows NT 10.0; Win64; x64) AppleWebKit/537.36 (KHTML, like Gecko) Chrome/125.0.0.0 Safari/537.36"
95.46.141.39 - admin [11/Jun/2024:10:18:23 -0400] "GET /wp-content/uploads/2024/06/logo-1.svg HTTP/2.0" 304 0 "https://waykay.goodface.com.ua/" "Mozilla/5.0 (Windows NT 10.0; Win64; x64) AppleWebKit/537.36 (KHTML, like Gecko) Chrome/125.0.0.0 Safari/537.36"
95.46.141.39 - - [11/Jun/2024:10:18:23 -0400] "GET /wp-content/uploads/fbrfg/site.webmanifest HTTP/2.0" 401 503 "https://waykay.goodface.com.ua/" "Mozilla/5.0 (Windows NT 10.0; Win64; x64) AppleWebKit/537.36 (KHTML, like Gecko) Chrome/125.0.0.0 Safari/537.36"
95.46.141.39 - admin [11/Jun/2024:10:18:23 -0400] "GET /wp-json/contact-form-7/v1/contact-forms/388/feedback/schema HTTP/2.0" 200 204 "https://waykay.goodface.com.ua/" "Mozilla/5.0 (Windows NT 10.0; Win64; x64) AppleWebKit/537.36 (KHTML, like Gecko) Chrome/125.0.0.0 Safari/537.36"
99.80.127.142 - - [11/Jun/2024:10:18:25 -0400] "GET / HTTP/1.1" 401 503 "-" "Mozilla/5.0 (Macintosh; Intel Mac OS X 10_15_7) AppleWebKit/537.36 (KHTML, like Gecko) Chrome/104.0.0.0 Safari/537.36"
54.173.215.155 - - [11/Jun/2024:10:18:26 -0400] "GET /robots.txt HTTP/1.1" 401 503 "-" "Mozilla/5.0 (Macintosh; Intel Mac OS X 10_15_4) AppleWebKit/537.36 (KHTML, like Gecko) Chrome/83.0.4103.97 Safari/537.36"
54.173.215.155 - - [11/Jun/2024:10:18:26 -0400] "GET / HTTP/2.0" 401 503 "-" "Mozilla/5.0 (Macintosh; Intel Mac OS X 10_15_4) AppleWebKit/537.36 (KHTML, like Gecko) Chrome/83.0.4103.97 Safari/537.36"
95.46.141.39 - admin [11/Jun/2024:10:18:26 -0400] "GET /wp-content/uploads/fbrfg/apple-touch-icon.png HTTP/2.0" 200 3013 "https://waykay.goodface.com.ua/" "Mozilla/5.0 (Windows NT 10.0; Win64; x64) AppleWebKit/537.36 (KHTML, like Gecko) Chrome/125.0.0.0 Safari/537.36"
95.46.141.39 - admin [11/Jun/2024:10:19:01 -0400] "GET / HTTP/2.0" 200 5392 "https://waykay.goodface.com.ua/wp-admin/admin.php?page=tidio-live-chat" "Mozilla/5.0 (Windows NT 10.0; Win64; x64) AppleWebKit/537.36 (KHTML, like Gecko) Chrome/125.0.0.0 Safari/537.36"
95.46.141.39 - - [11/Jun/2024:10:19:02 -0400] "GET /wp-content/uploads/fbrfg/site.webmanifest HTTP/2.0" 401 503 "https://waykay.goodface.com.ua/" "Mozilla/5.0 (Windows NT 10.0; Win64; x64) AppleWebKit/537.36 (KHTML, like Gecko) Chrome/125.0.0.0 Safari/537.36"
95.46.141.39 - admin [11/Jun/2024:10:19:03 -0400] "GET /wp-json/contact-form-7/v1/contact-forms/388/feedback/schema HTTP/2.0" 200 204 "https://waykay.goodface.com.ua/" "Mozilla/5.0 (Windows NT 10.0; Win64; x64) AppleWebKit/537.36 (KHTML, like Gecko) Chrome/125.0.0.0 Safari/537.36"
95.46.141.39 - - [11/Jun/2024:10:19:09 -0400] "GET /wp-content/uploads/fbrfg/site.webmanifest HTTP/2.0" 401 503 "https://waykay.goodface.com.ua/" "Mozilla/5.0 (Windows NT 10.0; Win64; x64) AppleWebKit/537.36 (KHTML, like Gecko) Chrome/125.0.0.0 Safari/537.36"
95.46.141.39 - admin [11/Jun/2024:10:19:09 -0400] "GET /wp-content/themes/waykay/assets/css/styles.css?ver=1.0.0 HTTP/2.0" 304 0 "https://waykay.goodface.com.ua/" "Mozilla/5.0 (Windows NT 10.0; Win64; x64) AppleWebKit/537.36 (KHTML, like Gecko) Chrome/125.0.0.0 Safari/537.36"
185.156.42.209 - - [11/Jun/2024:10:19:20 -0400] "POST /wp-cron.php?doing_wp_cron=1718115560.5180439949035644531250 HTTP/1.1" 401 503 "-" "WordPress/6.5.3; https://waykay.goodface.com.ua"
185.156.42.209 - - [11/Jun/2024:10:19:20 -0400] "POST /wp-admin/admin-ajax.php?action=as_async_request_queue_runner&nonce=d728627fba HTTP/1.1" 401 503 "-" "WordPress/6.5.3; https://waykay.goodface.com.ua"
95.46.141.39 - admin [11/Jun/2024:10:19:20 -0400] "POST /wp-admin/admin-ajax.php HTTP/2.0" 200 51 "https://waykay.goodface.com.ua/wp-admin/admin.php?page=tidio-live-chat" "Mozilla/5.0 (Windows NT 10.0; Win64; x64) AppleWebKit/537.36 (KHTML, like Gecko) Chrome/125.0.0.0 Safari/537.36"
185.156.42.209 - - [11/Jun/2024:10:21:21 -0400] "POST /wp-cron.php?doing_wp_cron=1718115681.5492451190948486328125 HTTP/1.1" 401 503 "-" "WordPress/6.5.3; https://waykay.goodface.com.ua"
185.156.42.209 - - [11/Jun/2024:10:21:21 -0400] "POST /wp-admin/admin-ajax.php?action=as_async_request_queue_runner&nonce=d728627fba HTTP/1.1" 401 503 "-" "WordPress/6.5.3; https://waykay.goodface.com.ua"
95.46.141.39 - admin [11/Jun/2024:10:21:21 -0400] "POST /wp-admin/admin-ajax.php HTTP/2.0" 200 51 "https://waykay.goodface.com.ua/wp-admin/admin.php?page=tidio-live-chat" "Mozilla/5.0 (Windows NT 10.0; Win64; x64) AppleWebKit/537.36 (KHTML, like Gecko) Chrome/125.0.0.0 Safari/537.36"
185.156.42.209 - - [11/Jun/2024:10:23:12 -0400] "POST /wp-cron.php?doing_wp_cron=1718115792.1335110664367675781250 HTTP/1.1" 401 503 "-" "WordPress/6.5.3; https://waykay.goodface.com.ua"
95.46.141.39 - admin [11/Jun/2024:10:23:12 -0400] "GET / HTTP/2.0" 200 5392 "https://waykay.goodface.com.ua/wp-admin/admin.php?page=tidio-live-chat" "Mozilla/5.0 (Windows NT 10.0; Win64; x64) AppleWebKit/537.36 (KHTML, like Gecko) Chrome/125.0.0.0 Safari/537.36"
95.46.141.39 - admin [11/Jun/2024:10:23:13 -0400] "GET /wp-content/themes/waykay/assets/css/styles.css?ver=1.0.0 HTTP/2.0" 304 0 "https://waykay.goodface.com.ua/" "Mozilla/5.0 (Windows NT 10.0; Win64; x64) AppleWebKit/537.36 (KHTML, like Gecko) Chrome/125.0.0.0 Safari/537.36"
95.46.141.39 - admin [11/Jun/2024:10:23:13 -0400] "GET /wp-content/uploads/2024/06/logo-1.svg HTTP/2.0" 304 0 "https://waykay.goodface.com.ua/" "Mozilla/5.0 (Windows NT 10.0; Win64; x64) AppleWebKit/537.36 (KHTML, like Gecko) Chrome/125.0.0.0 Safari/537.36"
95.46.141.39 - admin [11/Jun/2024:10:23:13 -0400] "GET /wp-content/uploads/fbrfg/favicon.ico HTTP/2.0" 304 0 "https://waykay.goodface.com.ua/" "Mozilla/5.0 (Windows NT 10.0; Win64; x64) AppleWebKit/537.36 (KHTML, like Gecko) Chrome/125.0.0.0 Safari/537.36"
95.46.141.39 - admin [11/Jun/2024:10:23:13 -0400] "GET /wp-json/contact-form-7/v1/contact-forms/388/feedback/schema HTTP/2.0" 200 204 "https://waykay.goodface.com.ua/" "Mozilla/5.0 (Windows NT 10.0; Win64; x64) AppleWebKit/537.36 (KHTML, like Gecko) Chrome/125.0.0.0 Safari/537.36"
95.46.141.39 - - [11/Jun/2024:10:23:15 -0400] "GET /wp-content/uploads/fbrfg/site.webmanifest HTTP/2.0" 401 503 "https://waykay.goodface.com.ua/" "Mozilla/5.0 (Windows NT 10.0; Win64; x64) AppleWebKit/537.36 (KHTML, like Gecko) Chrome/125.0.0.0 Safari/537.36"
185.156.42.209 - - [11/Jun/2024:10:23:22 -0400] "POST /wp-admin/admin-ajax.php?action=as_async_request_queue_runner&nonce=d728627fba HTTP/1.1" 401 503 "-" "WordPress/6.5.3; https://waykay.goodface.com.ua"
95.46.141.39 - admin [11/Jun/2024:10:23:22 -0400] "POST /wp-admin/admin-ajax.php HTTP/2.0" 200 51 "https://waykay.goodface.com.ua/wp-admin/admin.php?page=tidio-live-chat" "Mozilla/5.0 (Windows NT 10.0; Win64; x64) AppleWebKit/537.36 (KHTML, like Gecko) Chrome/125.0.0.0 Safari/537.36"
95.46.141.39 - admin [11/Jun/2024:10:23:31 -0400] "GET /wp-admin/admin.php?page=duplicator HTTP/2.0" 200 25317 "https://waykay.goodface.com.ua/wp-admin/admin.php?page=tidio-live-chat" "Mozilla/5.0 (Windows NT 10.0; Win64; x64) AppleWebKit/537.36 (KHTML, like Gecko) Chrome/125.0.0.0 Safari/537.36"
95.46.141.39 - admin [11/Jun/2024:10:23:31 -0400] "GET /wp-content/plugins/duplicator/assets/css/jquery-ui.css?ver=1.11.2 HTTP/2.0" 200 4557 "https://waykay.goodface.com.ua/wp-admin/admin.php?page=duplicator" "Mozilla/5.0 (Windows NT 10.0; Win64; x64) AppleWebKit/537.36 (KHTML, like Gecko) Chrome/125.0.0.0 Safari/537.36"
95.46.141.39 - admin [11/Jun/2024:10:23:31 -0400] "GET /wp-content/plugins/duplicator/assets/js/parsley.min.js?ver=1.1.18 HTTP/2.0" 200 10697 "https://waykay.goodface.com.ua/wp-admin/admin.php?page=duplicator" "Mozilla/5.0 (Windows NT 10.0; Win64; x64) AppleWebKit/537.36 (KHTML, like Gecko) Chrome/125.0.0.0 Safari/537.36"
95.46.141.39 - admin [11/Jun/2024:10:23:31 -0400] "GET /wp-content/plugins/duplicator/assets/js/jquery.qtip/jquery.qtip.min.js?ver=2.2.1 HTTP/2.0" 200 15748 "https://waykay.goodface.com.ua/wp-admin/admin.php?page=duplicator" "Mozilla/5.0 (Windows NT 10.0; Win64; x64) AppleWebKit/537.36 (KHTML, like Gecko) Chrome/125.0.0.0 Safari/537.36"
95.46.141.39 - admin [11/Jun/2024:10:23:31 -0400] "GET /wp-content/plugins/duplicator/assets/js/jquery.qtip/jquery.qtip.min.css?ver=2.2.1 HTTP/2.0" 200 2044 "https://waykay.goodface.com.ua/wp-admin/admin.php?page=duplicator" "Mozilla/5.0 (Windows NT 10.0; Win64; x64) AppleWebKit/537.36 (KHTML, like Gecko) Chrome/125.0.0.0 Safari/537.36"
95.46.141.39 - admin [11/Jun/2024:10:23:31 -0400] "GET /wp-content/plugins/duplicator/assets/css/style.css?ver=1.5.9 HTTP/2.0" 200 6254 "https://waykay.goodface.com.ua/wp-admin/admin.php?page=duplicator" "Mozilla/5.0 (Windows NT 10.0; Win64; x64) AppleWebKit/537.36 (KHTML, like Gecko) Chrome/125.0.0.0 Safari/537.36"
95.46.141.39 - admin [11/Jun/2024:10:23:31 -0400] "GET /wp-content/plugins/duplicator/assets/css/font-awesome/css/all.min.css?ver=6.4.2 HTTP/2.0" 200 21856 "https://waykay.goodface.com.ua/wp-admin/admin.php?page=duplicator" "Mozilla/5.0 (Windows NT 10.0; Win64; x64) AppleWebKit/537.36 (KHTML, like Gecko) Chrome/125.0.0.0 Safari/537.36"
95.46.141.39 - admin [11/Jun/2024:10:23:31 -0400] "GET /wp-content/plugins/tidio-live-chat/css/top-bar.css?ver=6.5.3 HTTP/2.0" 304 0 "https://waykay.goodface.com.ua/wp-admin/admin.php?page=duplicator" "Mozilla/5.0 (Windows NT 10.0; Win64; x64) AppleWebKit/537.36 (KHTML, like Gecko) Chrome/125.0.0.0 Safari/537.36"
95.46.141.39 - admin [11/Jun/2024:10:23:31 -0400] "GET /wp-content/plugins/duplicator/assets/img/duplicator-header-logo.svg HTTP/2.0" 200 5056 "https://waykay.goodface.com.ua/wp-admin/admin.php?page=duplicator" "Mozilla/5.0 (Windows NT 10.0; Win64; x64) AppleWebKit/537.36 (KHTML, like Gecko) Chrome/125.0.0.0 Safari/537.36"
95.46.141.39 - admin [11/Jun/2024:10:23:32 -0400] "GET /wp-content/plugins/duplicator/assets/css/font-awesome/webfonts/fa-regular-400.woff2 HTTP/2.0" 200 24488 "https://waykay.goodface.com.ua/wp-content/plugins/duplicator/assets/css/font-awesome/css/all.min.css?ver=6.4.2" "Mozilla/5.0 (Windows NT 10.0; Win64; x64) AppleWebKit/537.36 (KHTML, like Gecko) Chrome/125.0.0.0 Safari/537.36"
95.46.141.39 - admin [11/Jun/2024:10:23:32 -0400] "GET /wp-content/plugins/duplicator/assets/css/font-awesome/webfonts/fa-solid-900.woff2 HTTP/2.0" 200 150020 "https://waykay.goodface.com.ua/wp-content/plugins/duplicator/assets/css/font-awesome/css/all.min.css?ver=6.4.2" "Mozilla/5.0 (Windows NT 10.0; Win64; x64) AppleWebKit/537.36 (KHTML, like Gecko) Chrome/125.0.0.0 Safari/537.36"
95.46.141.39 - - [11/Jun/2024:10:23:33 -0400] "GET /wp-content/uploads/fbrfg/site.webmanifest HTTP/2.0" 401 503 "https://waykay.goodface.com.ua/wp-admin/admin.php?page=duplicator" "Mozilla/5.0 (Windows NT 10.0; Win64; x64) AppleWebKit/537.36 (KHTML, like Gecko) Chrome/125.0.0.0 Safari/537.36"
95.46.141.39 - admin [11/Jun/2024:10:23:34 -0400] "GET /wp-admin/index.php HTTP/2.0" 200 24727 "https://waykay.goodface.com.ua/wp-admin/admin.php?page=duplicator" "Mozilla/5.0 (Windows NT 10.0; Win64; x64) AppleWebKit/537.36 (KHTML, like Gecko) Chrome/125.0.0.0 Safari/537.36"
95.46.141.39 - - [11/Jun/2024:10:23:35 -0400] "GET /wp-content/uploads/fbrfg/site.webmanifest HTTP/2.0" 401 503 "https://waykay.goodface.com.ua/wp-admin/index.php" "Mozilla/5.0 (Windows NT 10.0; Win64; x64) AppleWebKit/537.36 (KHTML, like Gecko) Chrome/125.0.0.0 Safari/537.36"
95.46.141.39 - admin [11/Jun/2024:10:23:36 -0400] "GET /wp-json/yoast/v1/statistics HTTP/2.0" 200 102 "https://waykay.goodface.com.ua/wp-admin/index.php" "Mozilla/5.0 (Windows NT 10.0; Win64; x64) AppleWebKit/537.36 (KHTML, like Gecko) Chrome/125.0.0.0 Safari/537.36"
95.46.141.39 - admin [11/Jun/2024:10:23:37 -0400] "POST /wp-admin/admin-ajax.php HTTP/2.0" 200 102 "https://waykay.goodface.com.ua/wp-admin/index.php" "Mozilla/5.0 (Windows NT 10.0; Win64; x64) AppleWebKit/537.36 (KHTML, like Gecko) Chrome/125.0.0.0 Safari/537.36"
95.46.141.39 - admin [11/Jun/2024:10:23:37 -0400] "POST /wp-admin/admin-ajax.php HTTP/2.0" 200 81 "https://waykay.goodface.com.ua/wp-admin/index.php" "Mozilla/5.0 (Windows NT 10.0; Win64; x64) AppleWebKit/537.36 (KHTML, like Gecko) Chrome/125.0.0.0 Safari/537.36"
95.46.141.39 - admin [11/Jun/2024:10:23:39 -0400] "GET /wp-admin/update-core.php HTTP/2.0" 200 16597 "https://waykay.goodface.com.ua/wp-admin/index.php" "Mozilla/5.0 (Windows NT 10.0; Win64; x64) AppleWebKit/537.36 (KHTML, like Gecko) Chrome/125.0.0.0 Safari/537.36"
95.46.141.39 - admin [11/Jun/2024:10:23:39 -0400] "GET /wp-admin/load-styles.php?c=0&dir=ltr&load%5Bchunk_0%5D=dashicons,admin-bar,common,forms,admin-menu,dashboard,list-tables,edit,revisions,media,themes,about,nav-menus,wp-pointer,widgets&load%5Bchunk_1%5D=,site-icon,l10n,buttons&ver=6.5.3 HTTP/2.0" 200 94539 "https://waykay.goodface.com.ua/wp-admin/update-core.php" "Mozilla/5.0 (Windows NT 10.0; Win64; x64) AppleWebKit/537.36 (KHTML, like Gecko) Chrome/125.0.0.0 Safari/537.36"
95.46.141.39 - - [11/Jun/2024:10:23:40 -0400] "GET /wp-content/uploads/fbrfg/site.webmanifest HTTP/2.0" 401 503 "https://waykay.goodface.com.ua/wp-admin/update-core.php" "Mozilla/5.0 (Windows NT 10.0; Win64; x64) AppleWebKit/537.36 (KHTML, like Gecko) Chrome/125.0.0.0 Safari/537.36"
185.156.42.209 - - [11/Jun/2024:10:23:48 -0400] "POST /wp-admin/upgrade.php?step=upgrade_db HTTP/1.1" 401 503 "-" "WordPress/6.5.3; https://waykay.goodface.com.ua"
95.46.141.39 - admin [11/Jun/2024:10:23:50 -0400] "POST /wp-admin/update-core.php?action=do-core-upgrade HTTP/2.0" 200 15634 "https://waykay.goodface.com.ua/wp-admin/update-core.php" "Mozilla/5.0 (Windows NT 10.0; Win64; x64) AppleWebKit/537.36 (KHTML, like Gecko) Chrome/125.0.0.0 Safari/537.36"
95.46.141.39 - - [11/Jun/2024:10:23:51 -0400] "GET /wp-content/uploads/fbrfg/site.webmanifest HTTP/2.0" 401 503 "https://waykay.goodface.com.ua/wp-admin/update-core.php?action=do-core-upgrade" "Mozilla/5.0 (Windows NT 10.0; Win64; x64) AppleWebKit/537.36 (KHTML, like Gecko) Chrome/125.0.0.0 Safari/537.36"
95.46.141.39 - admin [11/Jun/2024:10:23:51 -0400] "GET /wp-admin/about.php?updated HTTP/2.0" 200 19247 "https://waykay.goodface.com.ua/wp-admin/update-core.php?action=do-core-upgrade" "Mozilla/5.0 (Windows NT 10.0; Win64; x64) AppleWebKit/537.36 (KHTML, like Gecko) Chrome/125.0.0.0 Safari/537.36"
95.46.141.39 - admin [11/Jun/2024:10:23:52 -0400] "GET /wp-content/themes/waykay/assets-admin/css/admin-panel.css?ver=6.5.4 HTTP/2.0" 200 129 "https://waykay.goodface.com.ua/wp-admin/about.php?updated" "Mozilla/5.0 (Windows NT 10.0; Win64; x64) AppleWebKit/537.36 (KHTML, like Gecko) Chrome/125.0.0.0 Safari/537.36"
95.46.141.39 - admin [11/Jun/2024:10:23:52 -0400] "GET /wp-content/plugins/tidio-live-chat/css/top-bar.css?ver=6.5.4 HTTP/2.0" 200 165 "https://waykay.goodface.com.ua/wp-admin/about.php?updated" "Mozilla/5.0 (Windows NT 10.0; Win64; x64) AppleWebKit/537.36 (KHTML, like Gecko) Chrome/125.0.0.0 Safari/537.36"
95.46.141.39 - admin [11/Jun/2024:10:23:52 -0400] "GET /wp-includes/js/utils.min.js?ver=6.5.4 HTTP/2.0" 200 757 "https://waykay.goodface.com.ua/wp-admin/about.php?updated" "Mozilla/5.0 (Windows NT 10.0; Win64; x64) AppleWebKit/537.36 (KHTML, like Gecko) Chrome/125.0.0.0 Safari/537.36"
95.46.141.39 - admin [11/Jun/2024:10:23:52 -0400] "GET /wp-admin/load-styles.php?c=0&dir=ltr&load%5Bchunk_0%5D=dashicons,admin-bar,common,forms,admin-menu,dashboard,list-tables,edit,revisions,media,themes,about,nav-menus,wp-pointer,widgets&load%5Bchunk_1%5D=,site-icon,l10n,buttons,wp-auth-check&ver=6.5.4 HTTP/2.0" 200 94792 "https://waykay.goodface.com.ua/wp-admin/about.php?updated" "Mozilla/5.0 (Windows NT 10.0; Win64; x64) AppleWebKit/537.36 (KHTML, like Gecko) Chrome/125.0.0.0 Safari/537.36"
95.46.141.39 - admin [11/Jun/2024:10:23:52 -0400] "GET /wp-admin/js/common.min.js?ver=6.5.4 HTTP/2.0" 200 6959 "https://waykay.goodface.com.ua/wp-admin/about.php?updated" "Mozilla/5.0 (Windows NT 10.0; Win64; x64) AppleWebKit/537.36 (KHTML, like Gecko) Chrome/125.0.0.0 Safari/537.36"
95.46.141.39 - admin [11/Jun/2024:10:23:52 -0400] "GET /wp-includes/js/admin-bar.min.js?ver=6.5.4 HTTP/2.0" 200 1340 "https://waykay.goodface.com.ua/wp-admin/about.php?updated" "Mozilla/5.0 (Windows NT 10.0; Win64; x64) AppleWebKit/537.36 (KHTML, like Gecko) Chrome/125.0.0.0 Safari/537.36"
95.46.141.39 - admin [11/Jun/2024:10:23:52 -0400] "GET /wp-admin/js/svg-painter.js?ver=6.5.4 HTTP/2.0" 200 1971 "https://waykay.goodface.com.ua/wp-admin/about.php?updated" "Mozilla/5.0 (Windows NT 10.0; Win64; x64) AppleWebKit/537.36 (KHTML, like Gecko) Chrome/125.0.0.0 Safari/537.36"
95.46.141.39 - admin [11/Jun/2024:10:23:52 -0400] "GET /wp-includes/js/heartbeat.min.js?ver=6.5.4 HTTP/2.0" 200 1959 "https://waykay.goodface.com.ua/wp-admin/about.php?updated" "Mozilla/5.0 (Windows NT 10.0; Win64; x64) AppleWebKit/537.36 (KHTML, like Gecko) Chrome/125.0.0.0 Safari/537.36"
95.46.141.39 - admin [11/Jun/2024:10:23:52 -0400] "GET /wp-admin/images/about-release-badge.svg?ver=6.5 HTTP/2.0" 200 1649 "https://waykay.goodface.com.ua/wp-admin/about.php?updated" "Mozilla/5.0 (Windows NT 10.0; Win64; x64) AppleWebKit/537.36 (KHTML, like Gecko) Chrome/125.0.0.0 Safari/537.36"
95.46.141.39 - admin [11/Jun/2024:10:23:52 -0400] "GET /wp-includes/js/wp-auth-check.min.js?ver=6.5.4 HTTP/2.0" 200 692 "https://waykay.goodface.com.ua/wp-admin/about.php?updated" "Mozilla/5.0 (Windows NT 10.0; Win64; x64) AppleWebKit/537.36 (KHTML, like Gecko) Chrome/125.0.0.0 Safari/537.36"
95.46.141.39 - admin [11/Jun/2024:10:23:53 -0400] "GET /wp-includes/js/wp-emoji-release.min.js?ver=6.5.4 HTTP/2.0" 200 4677 "https://waykay.goodface.com.ua/wp-admin/about.php" "Mozilla/5.0 (Windows NT 10.0; Win64; x64) AppleWebKit/537.36 (KHTML, like Gecko) Chrome/125.0.0.0 Safari/537.36"
95.46.141.39 - - [11/Jun/2024:10:23:53 -0400] "GET /wp-content/uploads/fbrfg/site.webmanifest HTTP/2.0" 401 503 "https://waykay.goodface.com.ua/wp-admin/about.php" "Mozilla/5.0 (Windows NT 10.0; Win64; x64) AppleWebKit/537.36 (KHTML, like Gecko) Chrome/125.0.0.0 Safari/537.36"
95.46.141.39 - admin [11/Jun/2024:10:23:57 -0400] "GET /wp-admin/plugins.php HTTP/2.0" 200 21117 "https://waykay.goodface.com.ua/wp-admin/about.php" "Mozilla/5.0 (Windows NT 10.0; Win64; x64) AppleWebKit/537.36 (KHTML, like Gecko) Chrome/125.0.0.0 Safari/537.36"
95.46.141.39 - admin [11/Jun/2024:10:23:57 -0400] "GET /wp-includes/js/thickbox/thickbox.css?ver=6.5.4 HTTP/2.0" 200 825 "https://waykay.goodface.com.ua/wp-admin/plugins.php" "Mozilla/5.0 (Windows NT 10.0; Win64; x64) AppleWebKit/537.36 (KHTML, like Gecko) Chrome/125.0.0.0 Safari/537.36"
95.46.141.39 - admin [11/Jun/2024:10:23:57 -0400] "GET /wp-includes/js/wp-util.min.js?ver=6.5.4 HTTP/2.0" 200 690 "https://waykay.goodface.com.ua/wp-admin/plugins.php" "Mozilla/5.0 (Windows NT 10.0; Win64; x64) AppleWebKit/537.36 (KHTML, like Gecko) Chrome/125.0.0.0 Safari/537.36"
95.46.141.39 - admin [11/Jun/2024:10:23:57 -0400] "GET /wp-includes/js/wp-sanitize.min.js?ver=6.5.4 HTTP/2.0" 200 236 "https://waykay.goodface.com.ua/wp-admin/plugins.php" "Mozilla/5.0 (Windows NT 10.0; Win64; x64) AppleWebKit/537.36 (KHTML, like Gecko) Chrome/125.0.0.0 Safari/537.36"
95.46.141.39 - admin [11/Jun/2024:10:23:57 -0400] "GET /wp-admin/js/updates.min.js?ver=6.5.4 HTTP/2.0" 200 9774 "https://waykay.goodface.com.ua/wp-admin/plugins.php" "Mozilla/5.0 (Windows NT 10.0; Win64; x64) AppleWebKit/537.36 (KHTML, like Gecko) Chrome/125.0.0.0 Safari/537.36"
95.46.141.39 - admin [11/Jun/2024:10:23:57 -0400] "GET /wp-admin/js/plugin-install.min.js?ver=6.5.4 HTTP/2.0" 200 903 "https://waykay.goodface.com.ua/wp-admin/plugins.php" "Mozilla/5.0 (Windows NT 10.0; Win64; x64) AppleWebKit/537.36 (KHTML, like Gecko) Chrome/125.0.0.0 Safari/537.36"
95.46.141.39 - - [11/Jun/2024:10:23:57 -0400] "GET /wp-content/uploads/fbrfg/site.webmanifest HTTP/2.0" 401 503 "https://waykay.goodface.com.ua/wp-admin/plugins.php" "Mozilla/5.0 (Windows NT 10.0; Win64; x64) AppleWebKit/537.36 (KHTML, like Gecko) Chrome/125.0.0.0 Safari/537.36"
95.46.141.39 - admin [11/Jun/2024:10:24:04 -0400] "GET /wp-admin/admin.php?page=duplicator HTTP/2.0" 200 25289 "https://waykay.goodface.com.ua/wp-admin/plugins.php" "Mozilla/5.0 (Windows NT 10.0; Win64; x64) AppleWebKit/537.36 (KHTML, like Gecko) Chrome/125.0.0.0 Safari/537.36"
95.46.141.39 - - [11/Jun/2024:10:24:05 -0400] "GET /wp-content/uploads/fbrfg/site.webmanifest HTTP/2.0" 401 503 "https://waykay.goodface.com.ua/wp-admin/admin.php?page=duplicator" "Mozilla/5.0 (Windows NT 10.0; Win64; x64) AppleWebKit/537.36 (KHTML, like Gecko) Chrome/125.0.0.0 Safari/537.36"
95.46.141.39 - admin [11/Jun/2024:10:24:11 -0400] "POST /wp-admin/admin-ajax.php HTTP/2.0" 200 80 "https://waykay.goodface.com.ua/wp-admin/admin.php?page=duplicator" "Mozilla/5.0 (Windows NT 10.0; Win64; x64) AppleWebKit/537.36 (KHTML, like Gecko) Chrome/125.0.0.0 Safari/537.36"
185.156.42.209 - - [11/Jun/2024:10:24:12 -0400] "POST /wp-cron.php?doing_wp_cron=1718115852.7955820560455322265625 HTTP/1.1" 401 503 "-" "WordPress/6.5.4; https://waykay.goodface.com.ua"
95.46.141.39 - admin [11/Jun/2024:10:24:12 -0400] "GET /wp-admin/admin.php?inner_page=new1&_wpnonce=0547a26044&page=duplicator&tab=new1 HTTP/2.0" 200 31234 "https://waykay.goodface.com.ua/wp-admin/admin.php?page=duplicator" "Mozilla/5.0 (Windows NT 10.0; Win64; x64) AppleWebKit/537.36 (KHTML, like Gecko) Chrome/125.0.0.0 Safari/537.36"
